000
CXUS56 KSGX 171445
CF6FUL
PRELIMINARY LOCAL CLIMATOLOGICAL DATA (WS FORM: F-6)

                                          STATION:   FULLERTON AIRPORT CA
                                          MONTH:     APRIL
                                          YEAR:      2015
                                          LATITUDE:   33 52 N
                                          LONGITUDE: 117 58 W

  TEMPERATURE IN F:       :PCPN:    SNOW:  WIND      :SUNSHINE: SKY     :PK WND
================================================================================
1   2   3   4   5  6A  6B    7    8   9   10  11  12  13   14  15   16   17  18
                                     12Z  AVG MX 2MIN
DY MAX MIN AVG DEP HDD CDD  WTR  SNW DPTH SPD SPD DIR MIN PSBL S-S WX    SPD DR
================================================================================

 1  76  58  67   6   0   2 0.00  0.0    0  3.5 14 190   M    M   4        18 220
 2  76  54  65   4   0   0 0.00  0.0    0  3.5 14 210   M    M   1        20 190
 3  88  51  70   9   0   5 0.00  0.0    0  3.7 17  90   M    M   0        23  80
 4  85  53  69   8   0   4 0.00  0.0    0  4.4 13 200   M    M   0        18 200
 5  71  59  65   4   0   0 0.00  0.0    0  6.5 13 190   M    M   3        20 210
 6  68  55  62   1   3   0 0.00  0.0    0  3.9 16 190   M    M   2        19 200
 7  68  50  59  -2   6   0 0.21  0.0    0  3.4 14 180   M    M   4 1      21 210
 8  73  49  61  -1   4   0 0.00  0.0    0  2.9 13 250   M    M   0        19 220
 9  76  51  64   2   1   0 0.00  0.0    0  4.0 15 200   M    M   0        20 210
10  73  52  63   1   2   0 0.00  0.0    0  3.6 14 200   M    M   0        19 200
11  74  52  63   1   2   0 0.00  0.0    0  4.1 12 190   M    M   0        17 190
12  77  55  66   4   0   1 0.00  0.0    0  4.5 12 210   M    M   0        16 200
13  78  58  68   6   0   3 0.00  0.0    0  3.0 12 220   M    M   3        17 200
14  76  61  69   7   0   4 0.00  0.0    0  4.0 12 200   M    M   5        17 210
15  86  55  71   9   0   6 0.00  0.0    0  4.2 16  90   M    M   0        22  80
16  85  59  72   9   0   7 0.00  0.0    0  7.9 24  80   M    M   0        33  70
================================================================================
SM 1230  872        18  32  0.21     0.0  67.1          M       22
================================================================================
AV 76.9 54.5                               4.2 FASTST   M    M   1    MAX(MPH)
                                 MISC ---->  # 24  80               # 33   70
================================================================================
NOTES:
# LAST OF SEVERAL OCCURRENCES

COLUMN 17 PEAK WIND IN M.P.H.

PRELIMINARY LOCAL CLIMATOLOGICAL DATA (WS FORM: F-6) , PAGE 2

                                          STATION:  FULLERTON AIRPORT CA
                                          MONTH:    APRIL
                                          YEAR:     2015
                                          LATITUDE:   33 52 N
                                          LONGITUDE: 117 58 W

[TEMPERATURE DATA]      [PRECIPITATION DATA]       SYMBOLS USED IN COLUMN 16

AVERAGE MONTHLY: 65.7   TOTAL FOR MONTH:   0.21    1 = FOG OR MIST
DPTR FM NORMAL:   4.1   DPTR FM NORMAL:   -0.23    2 = FOG REDUCING VISIBILITY
HIGHEST:    88 ON  3    GRTST 24HR  0.21 ON  6- 7      TO 1/4 MILE OR LESS
LOWEST:     49 ON  8                               3 = THUNDER
                        SNOW, ICE PELLETS, HAIL    4 = ICE PELLETS
                        TOTAL MONTH:   0.0 INCH    5 = HAIL
                        GRTST 24HR     0.0         6 = FREEZING RAIN OR DRIZZLE
                        GRTST DEPTH:   0           7 = DUSTSTORM OR SANDSTORM:
                                                       VSBY 1/2 MILE OR LESS
                                                   8 = SMOKE OR HAZE
[NO. OF DAYS WITH]      [WEATHER - DAYS WITH]      9 = BLOWING SNOW
                                                   X = TORNADO
MAX 32 OR BELOW:   0    0.01 INCH OR MORE:   1
MAX 90 OR ABOVE:   0    0.10 INCH OR MORE:   1
MIN 32 OR BELOW:   0    0.50 INCH OR MORE:   0
MIN  0 OR BELOW:   0    1.00 INCH OR MORE:   0

[HDD (BASE 65) ]
TOTAL THIS MO.    18    CLEAR  (SCALE 0-3)  13
DPTR FM NORMAL   -47    PTCLDY (SCALE 4-7)   3
TOTAL FM JUL 1   414    CLOUDY (SCALE 8-10)  0
DPTR FM NORMAL  -743

[CDD (BASE 65) ]
TOTAL THIS MO.    32
DPTR FM NORMAL    19    [PRESSURE DATA]
TOTAL FM JAN 1   233    HIGHEST SLP M ON M
DPTR FM NORMAL   198    LOWEST  SLP 29.82 ON  5

[REMARKS]
