000
CXUS52 KMFL 271000
CF6FXE
PRELIMINARY LOCAL CLIMATOLOGICAL DATA (WS FORM: F-6)

                                          STATION:   FORT LAUDERDALE EXEC ARPT
                                          MONTH:     APRIL
                                          YEAR:      2015
                                          LATITUDE:   26 12 N
                                          LONGITUDE:  80 11 W

  TEMPERATURE IN F:       :PCPN:    SNOW:  WIND      :SUNSHINE: SKY     :PK WND
================================================================================
1   2   3   4   5  6A  6B    7    8   9   10  11  12  13   14  15   16   17  18
                                     12Z  AVG MX 2MIN
DY MAX MIN AVG DEP HDD CDD  WTR  SNW DPTH SPD SPD DIR MIN PSBL S-S WX    SPD DR
================================================================================

 1  85  63  74   1   0   9 0.00  0.0    0  4.9 13 110   M    M   1        17  70
 2  83  64  74   1   0   9 0.00  0.0    0  6.9 14 110   M    M   2        20 150
 3  83  71  77   4   0  12 0.00  0.0    0  8.9 18 120   M    M   2        23 110
 4  85  66  76   2   0  11 0.00  0.0    0  5.9 14 100   M    M   2        18 100
 5  85  67  76   2   0  11 0.00  0.0    0  8.0 17 110   M    M   3        21 110
 6  84  73  79   5   0  14    T  0.0    0 11.7 18 110   M    M   3        24 100
 7  85  76  81   7   0  16 0.00  0.0    0 12.5 18 120   M    M   3        24 120
 8  84  75  80   6   0  15 0.00  0.0    0 12.1 17  80   M    M   4        22  80
 9  84  75  80   6   0  15    T  0.0    0 12.4 20  90   M    M   4        25 100
10  87  76  82   8   0  17 0.00  0.0    0 11.8 18 110   M    M   3        23 120
11  88  77  83   9   0  18 0.00  0.0    0  9.9 18 120   M    M   3        23 110
12  87  77  82   8   0  17    T  0.0    0 10.8 17 120   M    M   3        22 120
13  87  77  82   8   0  17 0.00  0.0    0 11.8 21 110   M    M   3        26 150
14  87  77  82   7   0  17 0.00  0.0    0 10.7 17 110   M    M   2        23 120
15  88  78  83   8   0  18 0.00  0.0    0 10.0 17 140   M    M   3        23 130
16  88  76  82   7   0  17 0.04  0.0    0  8.3 16 140   M    M   2 1      22 120
17  90  74  82   7   0  17 0.03  0.0    0  5.5 17 140   M    M   4 3X     22 140
18  92  74  83   8   0  18 0.09  0.0    0  6.0 16 140   M    M   3 1      19 130
19  92  74  83   8   0  18 0.00  0.0    0  7.9 18 150   M    M   4        24 150
20  89  75  82   7   0  17 0.42  0.0    0  6.2 22 170   M    M   6 138    27 290
21  86  73  80   5   0  15 1.10  0.0    0  4.6 23 260   M    M   5 1      27 260
22  84  73  79   3   0  14 0.02  0.0    0  3.5  9 110   M    M   5 1      14 120
23  87  72  80   4   0  15 1.12  0.0    0  4.1 22  10   M    M   5 18     33 360
24  89  72  81   5   0  16    T  0.0    0  7.4 14  70   M    M   4        20 110
25  90  75  83   7   0  18 0.00  0.0    0  7.6 17 120   M    M   3        22 120
26  99  75  87  11   0  22 0.00  0.0    0 12.7 23 240   M    M   1        31 250
================================================================================
SM 2268 1905         0 403  2.82     0.0 222.1          M       83
================================================================================
AV 87.2 73.3                               8.5 FASTST   M    M   3    MAX(MPH)
                                 MISC ---->  # 23 260               # 33  360
================================================================================
NOTES:
# LAST OF SEVERAL OCCURRENCES

COLUMN 17 PEAK WIND IN M.P.H.

PRELIMINARY LOCAL CLIMATOLOGICAL DATA (WS FORM: F-6) , PAGE 2

                                          STATION:  FORT LAUDERDALE EXEC ARPT
                                          MONTH:    APRIL
                                          YEAR:     2015
                                          LATITUDE:   26 12 N
                                          LONGITUDE:  80 11 W

[TEMPERATURE DATA]      [PRECIPITATION DATA]       SYMBOLS USED IN COLUMN 16

AVERAGE MONTHLY: 80.2   TOTAL FOR MONTH:   2.82    1 = FOG OR MIST
DPTR FM NORMAL:   5.7   DPTR FM NORMAL:   -0.03    2 = FOG REDUCING VISIBILITY
HIGHEST:    99 ON 26    GRTST 24HR  1.12 ON 23-23      TO 1/4 MILE OR LESS
LOWEST:     63 ON  1                               3 = THUNDER
                        SNOW, ICE PELLETS, HAIL    4 = ICE PELLETS
                        TOTAL MONTH:   0.0 INCH    5 = HAIL
                        GRTST 24HR     0.0         6 = FREEZING RAIN OR DRIZZLE
                        GRTST DEPTH:   0           7 = DUSTSTORM OR SANDSTORM:
                                                       VSBY 1/2 MILE OR LESS
                                                   8 = SMOKE OR HAZE
[NO. OF DAYS WITH]      [WEATHER - DAYS WITH]      9 = BLOWING SNOW
                                                   X = TORNADO
MAX 32 OR BELOW:   0    0.01 INCH OR MORE:   7
MAX 90 OR ABOVE:   5    0.10 INCH OR MORE:   3
MIN 32 OR BELOW:   0    0.50 INCH OR MORE:   2
MIN  0 OR BELOW:   0    1.00 INCH OR MORE:   2

[HDD (BASE 65) ]
TOTAL THIS MO.     0    CLEAR  (SCALE 0-3)  14
DPTR FM NORMAL     0    PTCLDY (SCALE 4-7)  12
TOTAL FM JUL 1   106    CLOUDY (SCALE 8-10)  0
DPTR FM NORMAL   -62

[CDD (BASE 65) ]
TOTAL THIS MO.   403
DPTR FM NORMAL   153    [PRESSURE DATA]
TOTAL FM JAN 1  1064    HIGHEST SLP M ON M
DPTR FM NORMAL   341    LOWEST  SLP 29.76 ON 26

[REMARKS]
