000
CXUS52 KFFC 251110
CF6GVL
PRELIMINARY LOCAL CLIMATOLOGICAL DATA (WS FORM: F-6)

                                          STATION:   GAINESVILLE
                                          MONTH:     APRIL
                                          YEAR:      2015
                                          LATITUDE:   34 16 N
                                          LONGITUDE:  83 50 W

  TEMPERATURE IN F:       :PCPN:    SNOW:  WIND      :SUNSHINE: SKY     :PK WND
================================================================================
1   2   3   4   5  6A  6B    7    8   9   10  11  12  13   14  15   16   17  18
                                     12Z  AVG MX 2MIN
DY MAX MIN AVG DEP HDD CDD  WTR  SNW DPTH SPD SPD DIR MIN PSBL S-S WX    SPD DR
================================================================================

 1  80  58  69  12   0   4 0.00    M    M  7.6 16 360   M    M   0 8      20 360
 2  62  53  58   1   7   0 0.31    M    M  7.5 13 330   M    M   8 1238   17 330
 3  83  52  68  11   0   3 0.18    M    M  6.5 22 250   M    M   4 12     29 240
 4  69  51  60   2   5   0    T  0.0    0  9.7 20 360   M    M   3        25 360
 5  65  43  54  -4  11   0 0.00  0.0    0  9.3 22  80   M    M   0        28 100
 6  59  49  54  -4  11   0 0.56  0.0    M  7.1 13  80   M    M   9 1      15 100
 7  77  58  68  10   0   3    T  0.0    M  4.2 10 320   M    M   8 12     12 320
 8  85  58  72  13   0   7 0.00  0.0    M  4.7 14 260   M    M   3 18     20 260
 9  84  62  73  14   0   8 0.00    M    M  6.4 18 240   M    M   2        22 240
10  73  64  69  10   0   4 0.65    M    M  7.9 15 250   M    M   5 13     21 320
11  79  54  67   8   0   2 0.00  0.0    M  4.7 12 240   M    M   0 1      13 240
12  71  57  64   4   1   0    T  0.0    0 10.4 17  90   M    M   5        22  80
13  65  57  61   1   4   0 0.52    M    M  8.2 14 100   M    M  10 12     18 100
14  79  64  72  12   0   7 0.09  0.0    M  7.6 18 260   M    M   6 1      23 260
15  69  52  61   1   4   0 0.59  0.0    M  8.9 18  70   M    M   9 1      27  70
16  57  50  54  -7  11   0 0.41    M    M 10.4 20  90   M    M  10 13     29  60
17  62  53  58  -3   7   0 0.27    M    M  4.7 12  80   M    M  10 12     14  80
18  72  61  67   6   0   2 0.05    M    M  5.4 15  90   M    M  10 1      20 110
19  68  62  65   4   0   0 0.64  0.0    M  7.8 14 170   M    M   9 1      23 170
20  74  57  66   4   0   1 0.02    M    M  9.9 21 280   M    M   5 13     30 290
21  68  50  59  -3   6   0 0.00    M    M 10.5 24 250   M    M   0        33 240
22  76  47  62   0   3   0 0.16    M    M  9.6 25 290   M    M   1 13     42 290
23  68  54  61  -1   4   0 0.00    M    M 10.2 17 260   M    M   1        23 270
24  73  43  58  -5   7   0 0.00    M    M  3.8 10 260   M    M   1        14 260
================================================================================
SM 1718 1309        81  41  4.45     0.0 183.0          M      119
================================================================================
AV 71.6 54.5                               7.6 FASTST   M    M   5    MAX(MPH)
                                 MISC ---->  # 25 290               # 42  290
================================================================================
NOTES:
# LAST OF SEVERAL OCCURRENCES

COLUMN 17 PEAK WIND IN M.P.H.

PRELIMINARY LOCAL CLIMATOLOGICAL DATA (WS FORM: F-6) , PAGE 2

                                          STATION:  GAINESVILLE
                                          MONTH:    APRIL
                                          YEAR:     2015
                                          LATITUDE:   34 16 N
                                          LONGITUDE:  83 50 W

[TEMPERATURE DATA]      [PRECIPITATION DATA]       SYMBOLS USED IN COLUMN 16

AVERAGE MONTHLY: 63.1   TOTAL FOR MONTH:   4.45    1 = FOG OR MIST
DPTR FM NORMAL:   3.3   DPTR FM NORMAL:    1.62    2 = FOG REDUCING VISIBILITY
HIGHEST:    85 ON  8    GRTST 24HR  0.69 ON 18-19      TO 1/4 MILE OR LESS
LOWEST:     43 ON 24, 5                            3 = THUNDER
                        SNOW, ICE PELLETS, HAIL    4 = ICE PELLETS
                        TOTAL MONTH:   0.0 INCH    5 = HAIL
                        GRTST 24HR     0.0         6 = FREEZING RAIN OR DRIZZLE
                        GRTST DEPTH:   0           7 = DUSTSTORM OR SANDSTORM:
                                                       VSBY 1/2 MILE OR LESS
                                                   8 = SMOKE OR HAZE
[NO. OF DAYS WITH]      [WEATHER - DAYS WITH]      9 = BLOWING SNOW
                                                   X = TORNADO
MAX 32 OR BELOW:   0    0.01 INCH OR MORE:  13
MAX 90 OR ABOVE:   0    0.10 INCH OR MORE:  10
MIN 32 OR BELOW:   0    0.50 INCH OR MORE:   5
MIN  0 OR BELOW:   0    1.00 INCH OR MORE:   0

[HDD (BASE 65) ]
TOTAL THIS MO.    81    CLEAR  (SCALE 0-3)  10
DPTR FM NORMAL   -73    PTCLDY (SCALE 4-7)   7
TOTAL FM JUL 1  3008    CLOUDY (SCALE 8-10)  7
DPTR FM NORMAL     2

[CDD (BASE 65) ]
TOTAL THIS MO.    41
DPTR FM NORMAL    19    [PRESSURE DATA]
TOTAL FM JAN 1    43    HIGHEST SLP M ON M
DPTR FM NORMAL    16    LOWEST  SLP 29.63 ON 20

[REMARKS]
