000
CXUS54 KFWD 280730
CF6INJ
PRELIMINARY LOCAL CLIMATOLOGICAL DATA (WS FORM: F-6)

                                          STATION:   HILLSBORO
                                          MONTH:     APRIL
                                          YEAR:      2015
                                          LATITUDE:   32  0 N
                                          LONGITUDE:  97  6 W

  TEMPERATURE IN F:       :PCPN:    SNOW:  WIND      :SUNSHINE: SKY     :PK WND
================================================================================
1   2   3   4   5  6A  6B    7    8   9   10  11  12  13   14  15   16   17  18
                                     12Z  AVG MX 2MIN
DY MAX MIN AVG DEP HDD CDD  WTR  SNW DPTH SPD SPD DIR MIN PSBL S-S WX    SPD DR
================================================================================

 1  79  66  73  11   0   8 0.00  0.0    0 13.8 24 180   M    M   4 18     28 170
 2  82  68  75  13   0  10 0.00  0.0    0 16.9 21 180   M    M   5        29 180
 3  75  55  65   3   0   0 0.00  0.0    0 15.3 22 340   M    M   3 8      28 340
 4  68  49  59  -3   6   0 0.01  0.0    0  8.3 16  40   M    M   1        21  30
 5  59  53  56  -7   9   0 0.14  0.0    0  8.2 14  90   M    M  10 13     18 100
 6  84  59  72   9   0   7 0.00  0.0    0 16.1 24 180   M    M   4 1      33 170
 7  82  68  75  12   0  10 0.00  0.0    0 14.6 20 190   M    M   6 1      27 170
 8  75  67  71   7   0   6 0.00  0.0    0 13.6 21 150   M    M   5 8      27 150
 9  83  67  75  11   0  10 0.00  0.0    0 10.5 20 190   M    M   5        24 190
10  70  49  60  -4   5   0 0.00  0.0    0  7.0 14 360   M    M   1 8      20 360
11  75  51  63  -1   2   0 0.00  0.0    0  5.0  9 100   M    M   7 18      M  M
12  79  65  72   8   0   7 0.01  0.0    0  7.3 13 130   M    M   8 18      M  M
13  78  61  70   5   0   5 0.36  0.0    0 10.2 18 260   M    M   7 13     24 350
14  61  55  58  -7   7   0 0.00  0.0    0  8.7 13 310   M    M   9 1      18 330
15  77  47  62  -3   3   0 0.00  0.0    0  4.7  9 120   M    M   2         M  M
16  80  62  71   6   0   6 0.01  0.0    0  8.1 14 130   M    M   3 13     17 130
17  76  62  69   3   0   4 0.05  0.0    0  6.2 12 110   M    M   8 13     30  30
18  80  58  69   3   0   4 0.20  0.0    0  6.0 24 270   M    M   5 3      46 270
19  78  54  66   0   0   1 0.00  0.0    0 11.4 20 320   M    M   2 1      27 320
20  70  44  57  -9   8   0 0.00  0.0    0  6.3 17 350   M    M   0        22 350
21  76  53  65  -2   0   0 0.00  0.0    0  8.7 13 130   M    M   3        16 150
22  79  62  71   4   0   6 0.02  0.0    0  7.4 15 180   M    M   5 13      M  M
23  80  66  73   6   0   8 0.00  0.0    0  6.8 13 110   M    M   5 18      M  M
24  81  64  73   6   0   8 0.60  0.0    0  8.9 18 170   M    M   5 13     23 170
25  86  59  73   5   0   8 0.00  0.0    0  5.1 13 240   M    M   0 1       M  M
26  84  60  72   4   0   7 0.24  0.0    0 11.1 39 280   M    M   1 13     35 130
27  72  58  65  -3   0   0 0.23  0.0    M 11.8 24 320   M    M   7        28 320
================================================================================
SM 2069 1582        40 115  1.87     0.0 258.0          M      121
================================================================================
AV 76.6 58.6                               9.6 FASTST   M    M   4    MAX(MPH)
                                 MISC ---->    39   M               # 46  270
================================================================================
NOTES:
# LAST OF SEVERAL OCCURRENCES

COLUMN 17 PEAK WIND IN M.P.H.

PRELIMINARY LOCAL CLIMATOLOGICAL DATA (WS FORM: F-6) , PAGE 2

                                          STATION:  HILLSBORO
                                          MONTH:    APRIL
                                          YEAR:     2015
                                          LATITUDE:   32  0 N
                                          LONGITUDE:  97  6 W

[TEMPERATURE DATA]      [PRECIPITATION DATA]       SYMBOLS USED IN COLUMN 16

AVERAGE MONTHLY: 67.6   TOTAL FOR MONTH:   1.87    1 = FOG OR MIST
DPTR FM NORMAL:   2.7   DPTR FM NORMAL:   -0.75    2 = FOG REDUCING VISIBILITY
HIGHEST:    86 ON 25    GRTST 24HR  0.60 ON 24-24      TO 1/4 MILE OR LESS
LOWEST:     44 ON 20                               3 = THUNDER
                        SNOW, ICE PELLETS, HAIL    4 = ICE PELLETS
                        TOTAL MONTH:   0.0 INCH    5 = HAIL
                        GRTST 24HR     0.0         6 = FREEZING RAIN OR DRIZZLE
                        GRTST DEPTH:   0           7 = DUSTSTORM OR SANDSTORM:
                                                       VSBY 1/2 MILE OR LESS
                                                   8 = SMOKE OR HAZE
[NO. OF DAYS WITH]      [WEATHER - DAYS WITH]      9 = BLOWING SNOW
                                                   X = TORNADO
MAX 32 OR BELOW:   0    0.01 INCH OR MORE:  11
MAX 90 OR ABOVE:   0    0.10 INCH OR MORE:   6
MIN 32 OR BELOW:   0    0.50 INCH OR MORE:   1
MIN  0 OR BELOW:   0    1.00 INCH OR MORE:   0

[HDD (BASE 65) ]
TOTAL THIS MO.    40    CLEAR  (SCALE 0-3)   9
DPTR FM NORMAL   -44    PTCLDY (SCALE 4-7)  15
TOTAL FM JUL 1  2247    CLOUDY (SCALE 8-10)  3
DPTR FM NORMAL    46

[CDD (BASE 65) ]
TOTAL THIS MO.   115
DPTR FM NORMAL    34    [PRESSURE DATA]
TOTAL FM JAN 1   149    HIGHEST SLP M ON M
DPTR FM NORMAL    31    LOWEST  SLP M ON M

[REMARKS]
