000
CXUS54 KLZK 261330
CF6LZK
PRELIMINARY LOCAL CLIMATOLOGICAL DATA (WS FORM: F-6)

                                          STATION:   North Little Rock
                                          MONTH:     APRIL
                                          YEAR:      2015
                                          LATITUDE:   34 50 N
                                          LONGITUDE:  92 16 W

  TEMPERATURE IN F:       :PCPN:    SNOW:  WIND      :SUNSHINE: SKY     :PK WND
================================================================================
1   2   3   4   5  6A  6B    7    8   9   10  11  12  13   14  15   16   17  18
                                     12Z  AVG MX 2MIN
DY MAX MIN AVG DEP HDD CDD  WTR  SNW DPTH SPD SPD DIR MIN PSBL S-S WX    SPD DR
================================================================================

 1  78  60  69  10   0   4 0.72  0.0    0   M   M   M   M    M   M 123     M  M
 2  78  61  70  11   0   5 0.00  0.0    0   M   M   M   M    M   M         M  M
 3  77  50  64   5   1   0    T  0.0    0   M   M   M   M    M   M         M  M
 4  63  42  53  -7  12   0 0.00  0.0    0   M   M   M   M    M   M         M  M
 5  57  46  52  -8  13   0 0.06  0.0    0   M   M   M   M    M   M         M  M
 6  74  52  63   3   2   0 0.04  0.0    0   M   M   M   M    M   M         M  M
 7  83  65  74  14   0   9    T  0.0    0   M   M   M   M    M   M         M  M
 8  84  67  76  15   0  11 0.00  0.0    0   M   M   M   M    M   M         M  M
 9  84  62  73  12   0   8 0.55  0.0    0   M   M   M   M    M   M 3       M  M
10  69  48  59  -2   6   0 0.00  0.0    0   M   M   M   M    M   M         M  M
11  74  49  62   0   3   0 0.00  0.0    0   M   M   M   M    M   M         M  M
12  81  53  67   5   0   2 0.00  0.0    0   M   M   M   M    M   M         M  M
13  72  57  65   3   0   0 0.82  0.0    0   M   M   M   M    M   M         M  M
14  70  53  62   0   3   0 0.13  0.0    0   M   M   M   M    M   M         M  M
15  69  58  64   1   1   0 0.10  0.0    0   M   M   M   M    M   M         M  M
16  78  55  67   4   0   2 0.00  0.0    0   M   M   M   M    M   M         M  M
17  78  62  70   7   0   5    T  0.0    0   M   M   M   M    M   M         M  M
18  74  62  68   4   0   3 0.03  0.0    0   M   M   M   M    M   M 12      M  M
19  80  56  68   4   0   3 0.51  0.0    0   M   M   M   M    M   M 3       M  M
20  66  51  59  -5   6   0 0.00  0.0    0   M   M   M   M    M   M         M  M
21  70  49  60  -4   5   0 0.00  0.0    0   M   M   M   M    M   M         M  M
22  72  53  63  -2   2   0    T  0.0    0   M   M   M   M    M   M         M  M
23  64  50  57  -8   8   0 0.11  0.0    0   M   M   M   M    M   M         M  M
24  60  52  56  -9   9   0 1.67  0.0    0   M   M   M   M    M   M         M  M
25  84  60  72   7   0   7    T  0.0    0   M   M   M   M    M   M         M  M
================================================================================
SM 1839 1373        71  59  4.74     0.0     M          M        M
================================================================================
AV 73.6 54.9                                 M FASTST   M    M   7    MAX(MPH)
                                 MISC ---->     M   M                  M    M
================================================================================
NOTES:
# LAST OF SEVERAL OCCURRENCES

COLUMN 17 PEAK WIND IN M.P.H.

PRELIMINARY LOCAL CLIMATOLOGICAL DATA (WS FORM: F-6) , PAGE 2

                                          STATION:  North Little Rock
                                          MONTH:    APRIL
                                          YEAR:     2015
                                          LATITUDE:   34 50 N
                                          LONGITUDE:  92 16 W

[TEMPERATURE DATA]      [PRECIPITATION DATA]       SYMBOLS USED IN COLUMN 16

AVERAGE MONTHLY: 64.2   TOTAL FOR MONTH:   4.74    1 = FOG OR MIST
DPTR FM NORMAL:   2.1   DPTR FM NORMAL:    0.79    2 = FOG REDUCING VISIBILITY
HIGHEST:    84 ON 25, 9 GRTST 24HR  1.67 ON 24-24      TO 1/4 MILE OR LESS
LOWEST:     42 ON  4                               3 = THUNDER
                        SNOW, ICE PELLETS, HAIL    4 = ICE PELLETS
                        TOTAL MONTH:   0.0 INCH    5 = HAIL
                        GRTST 24HR     0.0         6 = FREEZING RAIN OR DRIZZLE
                        GRTST DEPTH:   0           7 = DUSTSTORM OR SANDSTORM:
                                                       VSBY 1/2 MILE OR LESS
                                                   8 = SMOKE OR HAZE
[NO. OF DAYS WITH]      [WEATHER - DAYS WITH]      9 = BLOWING SNOW
                                                   X = TORNADO
MAX 32 OR BELOW:   0    0.01 INCH OR MORE:  11
MAX 90 OR ABOVE:   0    0.10 INCH OR MORE:   8
MIN 32 OR BELOW:   0    0.50 INCH OR MORE:   5
MIN  0 OR BELOW:   0    1.00 INCH OR MORE:   1

[HDD (BASE 65) ]
TOTAL THIS MO.    71    CLEAR  (SCALE 0-3)   0
DPTR FM NORMAL   -55    PTCLDY (SCALE 4-7)   0
TOTAL FM JUL 1  3271    CLOUDY (SCALE 8-10)  0
DPTR FM NORMAL   299

[CDD (BASE 65) ]
TOTAL THIS MO.    59
DPTR FM NORMAL     8    [PRESSURE DATA]
TOTAL FM JAN 1    73    HIGHEST SLP M ON M
DPTR FM NORMAL     3    LOWEST  SLP M ON M

[REMARKS]
