000
CXUS56 KPDT 241832
CF6PSC
PRELIMINARY LOCAL CLIMATOLOGICAL DATA (WS FORM: F-6)

                                          STATION:   PASCO WA
                                          MONTH:     APRIL
                                          YEAR:      2015
                                          LATITUDE:   46 16 N
                                          LONGITUDE: 119  7 W

  TEMPERATURE IN F:       :PCPN:    SNOW:  WIND      :SUNSHINE: SKY     :PK WND
================================================================================
1   2   3   4   5  6A  6B    7    8   9   10  11  12  13   14  15   16   17  18
                                     12Z  AVG MX 2MIN
DY MAX MIN AVG DEP HDD CDD  WTR  SNW DPTH SPD SPD DIR MIN PSBL S-S WX    SPD DR
================================================================================

 1  61  39  50   0  15   0    T  0.0    0 10.4 22 240   M    M   4        26 250
 2  61  30  46  -5  19   0 0.00  0.0    0  3.8 13 280   M    M   0        17 300
 3  64  31  48  -3  17   0    T  0.0    0  9.1 23 280   M    M   2        32 240
 4  60  31  46  -5  19   0 0.00  0.0    0  3.5 10  60   M    M   2        14 130
 5  48  25  37 -14  28   0 0.04  0.0    0  3.9 14 240   M    M   6        15 240
 6  61  39  50  -1  15   0 0.14  0.0    0  9.3 23 220   M    M   5        30 220
 7  65  35  50  -1  15   0 0.00  0.0    0 10.3 18 320   M    M   4        23 310
 8  67  43  55   3  10   0 0.00  0.0    0  5.4 26 280   M    M   8        33 290
 9  68  38  53   1  12   0 0.00  0.0    0  3.4 12 230   M    M   1        13 210
10  71  34  53   1  12   0 0.00  0.0    0  5.5 18 250   M    M   1        24 250
11  64  43  54   2  11   0    T  0.0    0 14.4 28 230   M    M   6        35 250
12  62  39  51  -1  14   0 0.00  0.0    0 10.4 26 230   M    M   0        31 220
13  65  37  51  -1  14   0    T  0.0    0  5.8 18 280   M    M   2        23 290
14  62  38  50  -2  15   0 0.00  0.0    0 15.9 33 300   M    M   3        44 290
15  62  27  45  -8  20   0 0.00  0.0    0  5.0 12 130   M    M   0        14 150
16  69  28  49  -4  16   0 0.00  0.0    0  3.0  9 340   M    M   0        13 360
17  76  32  54   1  11   0 0.00  0.0    0  5.2 21 320   M    M   0        27 320
18  74  39  57   4   8   0 0.00  0.0    0  4.1 14 360   M    M   0        19 320
19  77  34  56   3   9   0 0.00  0.0    0  3.0  7 340   M    M   0        11 280
20  81  37  59   5   6   0 0.00  0.0    0  2.2  9 330   M    M   0        11 320
21  83  39  61   7   4   0 0.00  0.0    0  5.5 22 210   M    M   0        28 210
22  68  44  56   2   9   0 0.00  0.0    0  8.1 17 200   M    M   1        21 200
23  62  34  48  -6  17   0 0.00  0.0    0 10.0 24 210   M    M   3        29 200
================================================================================
SM 1531  816       316   0  0.18     0.0 157.2          M       48
================================================================================
AV 66.6 35.5                               6.8 FASTST   M    M   2    MAX(MPH)
                                 MISC ---->  # 33 300               # 44  290
================================================================================
NOTES:
# LAST OF SEVERAL OCCURRENCES

COLUMN 17 PEAK WIND IN M.P.H.

PRELIMINARY LOCAL CLIMATOLOGICAL DATA (WS FORM: F-6) , PAGE 2

                                          STATION:  PASCO WA
                                          MONTH:    APRIL
                                          YEAR:     2015
                                          LATITUDE:   46 16 N
                                          LONGITUDE: 119  7 W

[TEMPERATURE DATA]      [PRECIPITATION DATA]       SYMBOLS USED IN COLUMN 16

AVERAGE MONTHLY: 51.0   TOTAL FOR MONTH:   0.18    1 = FOG OR MIST
DPTR FM NORMAL:  -1.2   DPTR FM NORMAL:   -0.34    2 = FOG REDUCING VISIBILITY
HIGHEST:    83 ON 21    GRTST 24HR  0.18 ON  5- 6      TO 1/4 MILE OR LESS
LOWEST:     25 ON  5                               3 = THUNDER
                        SNOW, ICE PELLETS, HAIL    4 = ICE PELLETS
                        TOTAL MONTH:   0.0 INCH    5 = HAIL
                        GRTST 24HR     0.0         6 = FREEZING RAIN OR DRIZZLE
                        GRTST DEPTH:   0           7 = DUSTSTORM OR SANDSTORM:
                                                       VSBY 1/2 MILE OR LESS
                                                   8 = SMOKE OR HAZE
[NO. OF DAYS WITH]      [WEATHER - DAYS WITH]      9 = BLOWING SNOW
                                                   X = TORNADO
MAX 32 OR BELOW:   0    0.01 INCH OR MORE:   2
MAX 90 OR ABOVE:   0    0.10 INCH OR MORE:   1
MIN 32 OR BELOW:   7    0.50 INCH OR MORE:   0
MIN  0 OR BELOW:   0    1.00 INCH OR MORE:   0

[HDD (BASE 65) ]
TOTAL THIS MO.   316    CLEAR  (SCALE 0-3)  16
DPTR FM NORMAL    23    PTCLDY (SCALE 4-7)   6
TOTAL FM JUL 1  4221    CLOUDY (SCALE 8-10)  1
DPTR FM NORMAL  -533

[CDD (BASE 65) ]
TOTAL THIS MO.     0
DPTR FM NORMAL     0    [PRESSURE DATA]
TOTAL FM JAN 1     0    HIGHEST SLP 30.33 ON 18
DPTR FM NORMAL     0    LOWEST  SLP 29.69 ON M

[REMARKS]
