000
CXUS54 KFWD 020449
CF6PWG
PRELIMINARY LOCAL CLIMATOLOGICAL DATA (WS FORM: F-6)

                                          STATION:   WACO MCGREGOR
                                          MONTH:     MARCH
                                          YEAR:      2015
                                          LATITUDE:   31 28 N
                                          LONGITUDE:  97 19 W

  TEMPERATURE IN F:       :PCPN:    SNOW:  WIND      :SUNSHINE: SKY     :PK WND
================================================================================
1   2   3   4   5  6A  6B    7    8   9   10  11  12  13   14  15   16   17  18
                                     12Z  AVG MX 2MIN
DY MAX MIN AVG DEP HDD CDD  WTR  SNW DPTH SPD SPD DIR MIN PSBL S-S WX    SPD DR
================================================================================

 1  39  34  37 -15  28   0 0.13  0.0    0 10.7 13 360   M    M   0        18 360
 2  39  36  38 -15  27   0    M  0.0    0  9.1 17 360   M    M   0         M  M
 3  59  39  49  -4  16   0 0.00  0.0    0  3.4  8 180   M    M   6         M  M
 4  61  32  47  -6  18   0 0.28    M    0 13.7 25 360   M    M  10        39 360
 5  43  27  35 -19  30   0 0.20    M    M 15.6 21  30   M    M   3        30 360
 6  54  23  39 -15  26   0 0.00  0.0    0  1.5  7  30   M    M   0         M  M
 7  61  30  46  -8  19   0 0.00  0.0    0  4.7  9 150   M    M   7         M  M
 8  52  46  49  -5  16   0 0.11  0.0    0  7.6 13 130   M    M  10         M  M
 9  50  48  49  -6  16   0 0.99  0.0    0  7.2 13  30   M    M  10        16  30
10  57  48  53  -2  12   0 0.00  0.0    0  5.4 10 350   M    M  10         M  M
11  59  50  55   0  10   0 0.00  0.0    0  6.2 13  40   M    M   8         M  M
12  68  48  58   2   7   0 0.00  0.0    0  8.4 14  40   M    M   5        20  30
13  72  54  63   7   2   0 0.00  0.0    0  8.8 17 330   M    M   7        22 330
14  73  48  61   5   4   0 0.00  0.0    0 10.9 22 360   M    M   5        28 350
15  70  48  59   3   6   0 0.00  0.0    0  5.4 10  30   M    M   7        16  10
16  79  48  64   7   1   0 0.00  0.0    0  5.0 13 190   M    M   1        18 190
17  75  63  69  12   0   4 0.00  0.0    0  7.0 12 200   M    M   7        16 200
18  75  57  66   9   0   1 0.59  0.0    0  3.4 10 330   M    M   5 3       M  M
19  79  57  68  11   0   3 0.00  0.0    0  6.1 13 180   M    M   6         M  M
20  70  54  62   4   3   0 0.36  0.0    0  9.3 14 350   M    M   8         M  M
21  61  54  58   0   7   0 0.23  0.0    0  7.3 12 340   M    M   9         M  M
22  68  54  61   3   4   0 0.01  0.0    0  4.8  9 340   M    M   7         M  M
23  75  48  62   4   3   0 0.00  0.0    0  4.8 12 160   M    M   2         M  M
24  77  57  67   8   0   2 0.00  0.0    0 14.2 21 170   M    M   0        27 200
25  81  61  71  12   0   6 0.00  0.0    0 15.4 23 170   M    M   1        33 180
26  68  46  57  -2   8   0 0.05  0.0    0 16.9 24 350   M    M   4        33 340
27  75  39  57  -3   8   0 0.00  0.0    0  7.0 14 300   M    M   0        21 300
28  86  46  66   6   0   1 0.00  0.0    0 11.6 20 180   M    M   0        28 190
29  84  52  68   8   0   3 0.00  0.0    0 14.5 25 180   M    M   0        35 190
30  81  63  72  12   0   7 0.00  0.0    0 10.9 16 180   M    M   4        23 180
31  82  66  74  14   0   9 0.00  0.0    0 14.0 21 170   M    M   3        25 180
================================================================================
SM 2073 1476       271  36  2.95     0.0 270.8          M      145
================================================================================
AV 66.9 47.6                               8.7 FASTST   M    M   5    MAX(MPH)
                                 MISC ---->    25   M                 39    M
================================================================================
NOTES:
# LAST OF SEVERAL OCCURRENCES

COLUMN 17 PEAK WIND IN M.P.H.

PRELIMINARY LOCAL CLIMATOLOGICAL DATA (WS FORM: F-6) , PAGE 2

                                          STATION:  WACO MCGREGOR
                                          MONTH:    MARCH
                                          YEAR:     2015
                                          LATITUDE:   31 28 N
                                          LONGITUDE:  97 19 W

[TEMPERATURE DATA]      [PRECIPITATION DATA]       SYMBOLS USED IN COLUMN 16

AVERAGE MONTHLY: 57.2   TOTAL FOR MONTH:   2.95    1 = FOG OR MIST
DPTR FM NORMAL:   0.7   DPTR FM NORMAL:   -0.28    2 = FOG REDUCING VISIBILITY
HIGHEST:    86 ON 28    GRTST 24HR  0.99 ON  9- 9      TO 1/4 MILE OR LESS
LOWEST:     23 ON  6                               3 = THUNDER
                        SNOW, ICE PELLETS, HAIL    4 = ICE PELLETS
                        TOTAL MONTH:   0.0 INCH    5 = HAIL
                        GRTST 24HR     0.0         6 = FREEZING RAIN OR DRIZZLE
                        GRTST DEPTH:   0           7 = DUSTSTORM OR SANDSTORM:
                                                       VSBY 1/2 MILE OR LESS
                                                   8 = SMOKE OR HAZE
[NO. OF DAYS WITH]      [WEATHER - DAYS WITH]      9 = BLOWING SNOW
                                                   X = TORNADO
MAX 32 OR BELOW:   0    0.01 INCH OR MORE:  10
MAX 90 OR ABOVE:   0    0.10 INCH OR MORE:   8
MIN 32 OR BELOW:   4    0.50 INCH OR MORE:   2
MIN  0 OR BELOW:   0    1.00 INCH OR MORE:   0

[HDD (BASE 65) ]
TOTAL THIS MO.   271    CLEAR  (SCALE 0-3)  12
DPTR FM NORMAL   -15    PTCLDY (SCALE 4-7)  14
TOTAL FM JUL 1  2144    CLOUDY (SCALE 8-10)  5
DPTR FM NORMAL   -91

[CDD (BASE 65) ]
TOTAL THIS MO.    36
DPTR FM NORMAL    12    [PRESSURE DATA]
TOTAL FM JAN 1    37    HIGHEST SLP M ON M
DPTR FM NORMAL     7    LOWEST  SLP M ON M

[REMARKS]
#FINAL-03-15#
