000
CXUS55 KEAX 210736
CF6STJ
PRELIMINARY LOCAL CLIMATOLOGICAL DATA (WS FORM: F-6)

                                          STATION:   ST. JOSEPH MO
                                          MONTH:     APRIL
                                          YEAR:      2015
                                          LATITUDE:   39 46 N
                                          LONGITUDE:  94 55 W

  TEMPERATURE IN F:       :PCPN:    SNOW:  WIND      :SUNSHINE: SKY     :PK WND
================================================================================
1   2   3   4   5  6A  6B    7    8   9   10  11  12  13   14  15   16   17  18
                                     12Z  AVG MX 2MIN
DY MAX MIN AVG DEP HDD CDD  WTR  SNW DPTH SPD SPD DIR MIN PSBL S-S WX    SPD DR
================================================================================

 1  82  44  63  13   2   0 0.00    M    M 14.6 31 170   M    M   0        36 180
 2  70  53  62  12   3   0 0.51    M    M 11.5 31 340   M    M   4 13     38 350
 3  56  28  42  -8  23   0 0.12    M    M 14.5 29 320   M    M   6 1      35 320
 4  64  27  46  -5  19   0 0.00    M    M  9.7 24 210   M    M   1        29 210
 5  69  39  54   3  11   0 0.00    M    M 14.8 26 190   M    M   3 1      33 200
 6  59  50  55   4  10   0 0.00    M    M  8.0 17 190   M    M  10 1      21 180
 7  85  52  69  17   0   4 0.04    M    M 11.0 26 300   M    M   8 138    32 300
 8  67  51  59   7   6   0 0.09    M    M  6.4 18  60   M    M   9 138    21  60
 9  73  38  56   4   9   0 0.09    M    M 13.8 31 310   M    M   8 1238   37 310
10  71  35  53   1  12   0 0.00    M    M  9.3 24 280   M    M   0        30 320
11  75  41  58   5   7   0 0.00    M    M  9.3 23 200   M    M   1        31 200
12  68  53  61   8   4   0 0.37    M    M 13.4 30 300   M    M   8 13     40 290
13  68  45  57   4   8   0 0.01    M    M 11.0 24  10   M    M   0        30 360
14  69  38  54   0  11   0    T    M    M  5.9 16  90   M    M   0        20 110
15  60  49  55   1  10   0 0.06    M    M  9.1 25 160   M    M   9 18     31 150
16  77  44  61   7   4   0 0.00    M    M  2.9  9 130   M    M   3 18     13 120
17  77  49  63   8   2   0 0.00    M    M  5.1 15 180   M    M   4 1      19 140
18  64  52  58   3   7   0 0.64    M    M  4.7 18 280   M    M   7 123    24 280
19  64  48  56   1   9   0 0.29    M    M 12.6 30 330   M    M   9 18     36 320
20  59  42  51  -5  14   0 0.00    M    M 17.1 29 310   M    M   3        37 290
================================================================================
SM 1377  878       171   4  2.22    M    204.7          M       93
================================================================================
AV 68.8 43.9                              10.2 FASTST   M    M   5    MAX(MPH)
                                 MISC ---->  # 31 170               # 40  290
================================================================================
NOTES:
# LAST OF SEVERAL OCCURRENCES

COLUMN 17 PEAK WIND IN M.P.H.

PRELIMINARY LOCAL CLIMATOLOGICAL DATA (WS FORM: F-6) , PAGE 2

                                          STATION:  ST. JOSEPH MO
                                          MONTH:    APRIL
                                          YEAR:     2015
                                          LATITUDE:   39 46 N
                                          LONGITUDE:  94 55 W

[TEMPERATURE DATA]      [PRECIPITATION DATA]       SYMBOLS USED IN COLUMN 16

AVERAGE MONTHLY: 56.4   TOTAL FOR MONTH:   2.22    1 = FOG OR MIST
DPTR FM NORMAL:   3.7   DPTR FM NORMAL:    0.04    2 = FOG REDUCING VISIBILITY
HIGHEST:    85 ON  7    GRTST 24HR  0.91 ON 18-19      TO 1/4 MILE OR LESS
LOWEST:     27 ON  4                               3 = THUNDER
                        SNOW, ICE PELLETS, HAIL    4 = ICE PELLETS
                        TOTAL MONTH:    M          5 = HAIL
                        GRTST 24HR    M  ON   M    6 = FREEZING RAIN OR DRIZZLE
                        GRTST DEPTH:  M  ON   M    7 = DUSTSTORM OR SANDSTORM:
                                                       VSBY 1/2 MILE OR LESS
                                                   8 = SMOKE OR HAZE
[NO. OF DAYS WITH]      [WEATHER - DAYS WITH]      9 = BLOWING SNOW
                                                   X = TORNADO
MAX 32 OR BELOW:   0    0.01 INCH OR MORE:  10
MAX 90 OR ABOVE:   0    0.10 INCH OR MORE:   5
MIN 32 OR BELOW:   2    0.50 INCH OR MORE:   2
MIN  0 OR BELOW:   0    1.00 INCH OR MORE:   0

[HDD (BASE 65) ]
TOTAL THIS MO.   171    CLEAR  (SCALE 0-3)   8
DPTR FM NORMAL   -88    PTCLDY (SCALE 4-7)   7
TOTAL FM JUL 1  5302    CLOUDY (SCALE 8-10)  5
DPTR FM NORMAL    50

[CDD (BASE 65) ]
TOTAL THIS MO.     4
DPTR FM NORMAL    -9    [PRESSURE DATA]
TOTAL FM JAN 1     5    HIGHEST SLP  0.00 ON M
DPTR FM NORMAL   -10    LOWEST  SLP  0.00 ON M

[REMARKS]
