000
CXUS51 KCLE 191004
CF6TOL
PRELIMINARY LOCAL CLIMATOLOGICAL DATA (WS FORM: F-6)

                                          STATION:   TOLEDO OH
                                          MONTH:     APRIL
                                          YEAR:      2015
                                          LATITUDE:   41 35 N
                                          LONGITUDE:  83 48 W

  TEMPERATURE IN F:       :PCPN:    SNOW:  WIND      :SUNSHINE: SKY     :PK WND
================================================================================
1   2   3   4   5  6A  6B    7    8   9   10  11  12  13   14  15   16   17  18
                                     12Z  AVG MX 2MIN
DY MAX MIN AVG DEP HDD CDD  WTR  SNW DPTH SPD SPD DIR MIN PSBL S-S WX    SPD DR
================================================================================

 1  65  27  46   2  19   0 0.00  0.0    0  5.8 17 240   M    M   1 18     22 260
 2  63  44  54  10  11   0 0.38  0.0    0  9.0 23 280   M    M   4 13     30 280
 3  58  36  47   2  18   0 0.05  0.0    0  5.5 23 310   M    M   9 128    31 310
 4  53  26  40  -5  25   0 0.00  0.0    0 11.4 26 250   M    M   3        37 270
 5  65  37  51   6  14   0 0.00  0.0    0 13.6 30 240   M    M   3        36 260
 6  60  29  45  -1  20   0 0.03  0.0    0  2.6 16 250   M    M   7 1      18 240
 7  53  37  45  -1  20   0 0.32  0.0    0 14.9 29  70   M    M  10 1      35  70
 8  47  35  41  -6  24   0 0.01  0.0    0  7.7 18  60   M    M  10 12     23  70
 9  69  38  54   7  11   0 0.83  0.0    0  7.5 17 320   M    M   9 13     25 210
10  69  42  56   9   9   0 0.06  0.0    0 19.8 37 250   M    M   6 1      45 250
11  61  33  47  -1  18   0 0.00  0.0    0  7.4 21 280   M    M   1 1      28 260
12  65  32  49   1  16   0 0.00  0.0    0  4.0 13 190   M    M   0 1      20 220
13  74  44  59  11   6   0 0.07  0.0    0  9.3 31 240   M    M   4 1      38 280
14  62  39  51   2  14   0 0.00  0.0    0  3.6 15 100   M    M   0        18 100
15  61  36  49   0  16   0 0.00  0.0    0 12.3 25  70   M    M   0        31  60
16  65  44  55   5  10   0    T    M    0  5.5 16 190   M    M   8 18     22 140
17  76  48  62  12   3   0 0.00  0.0    0  4.6 16 260   M    M   1 128    21 260
18  77  48  63  13   2   0 0.00  0.0    0  9.1 24  80   M    M   1        30 100
================================================================================
SM 1143  675       256   0  1.75     0.0 153.6          M       77
================================================================================
AV 63.5 37.5                               8.5 FASTST   M    M   4    MAX(MPH)
                                 MISC ---->  # 37 250               # 45  250
================================================================================
NOTES:
# LAST OF SEVERAL OCCURRENCES

COLUMN 17 PEAK WIND IN M.P.H.

PRELIMINARY LOCAL CLIMATOLOGICAL DATA (WS FORM: F-6) , PAGE 2

                                          STATION:  TOLEDO OH
                                          MONTH:    APRIL
                                          YEAR:     2015
                                          LATITUDE:   41 35 N
                                          LONGITUDE:  83 48 W

[TEMPERATURE DATA]      [PRECIPITATION DATA]       SYMBOLS USED IN COLUMN 16

AVERAGE MONTHLY: 50.5   TOTAL FOR MONTH:   1.75    1 = FOG OR MIST
DPTR FM NORMAL:   3.4   DPTR FM NORMAL:   -0.17    2 = FOG REDUCING VISIBILITY
HIGHEST:    77 ON 18    GRTST 24HR  0.83 ON  9- 9      TO 1/4 MILE OR LESS
LOWEST:     26 ON  4                               3 = THUNDER
                        SNOW, ICE PELLETS, HAIL    4 = ICE PELLETS
                        TOTAL MONTH:   0.0 INCH    5 = HAIL
                        GRTST 24HR     0.0         6 = FREEZING RAIN OR DRIZZLE
                        GRTST DEPTH:   0           7 = DUSTSTORM OR SANDSTORM:
                                                       VSBY 1/2 MILE OR LESS
                                                   8 = SMOKE OR HAZE
[NO. OF DAYS WITH]      [WEATHER - DAYS WITH]      9 = BLOWING SNOW
                                                   X = TORNADO
MAX 32 OR BELOW:   0    0.01 INCH OR MORE:   8
MAX 90 OR ABOVE:   0    0.10 INCH OR MORE:   3
MIN 32 OR BELOW:   4    0.50 INCH OR MORE:   1
MIN  0 OR BELOW:   0    1.00 INCH OR MORE:   0

[HDD (BASE 65) ]
TOTAL THIS MO.   256    CLEAR  (SCALE 0-3)   8
DPTR FM NORMAL   -68    PTCLDY (SCALE 4-7)   6
TOTAL FM JUL 1  6502    CLOUDY (SCALE 8-10)  4
DPTR FM NORMAL   752

[CDD (BASE 65) ]
TOTAL THIS MO.     0
DPTR FM NORMAL     0    [PRESSURE DATA]
TOTAL FM JAN 1     0    HIGHEST SLP M ON M
DPTR FM NORMAL     0    LOWEST  SLP 29.60 ON 10

[REMARKS]
