000
CXUS51 KCTP 011046
CLAIPT

CLIMATE REPORT
NATIONAL WEATHER SERVICE STATE COLLEGE PA
523 AM EST THU JAN 1 2015

...................................

...THE WILLIAMSPORT PA CLIMATE SUMMARY FOR THE YEAR OF 2014...

CLIMATE NORMAL PERIOD 1981 TO 2010
CLIMATE RECORD PERIOD 1895 TO 2014

WEATHER         OBSERVED          NORMAL  DEPART
                 VALUE   DATE(S)  VALUE   FROM
                                          NORMAL
................................................
TEMPERATURE (F)
RECORD
 HIGH             106   07/09/1936
 LOW              -20   01/21/1994
HIGHEST            91   07/23        MM      MM
                        07/01
LOWEST             -7   02/12        MM      MM
AVG. MAXIMUM     59.4              60.2    -0.8
AVG. MINIMUM     39.6              40.8    -1.2
MEAN             49.5              50.5    -1.0
DAYS MAX >= 90      5              15.3   -10.3
DAYS MAX <= 32     43              29.3    13.7
DAYS MIN <= 32    131             121.2     9.8
DAYS MIN <= 0       8               2.3     5.7

PRECIPITATION (INCHES)
RECORD
 MAXIMUM        70.26   2011
 MINIMUM        27.68   1930
TOTALS          37.17             41.28   -4.11
DAILY AVG.       0.10              0.11   -0.01
DAYS >= .01       139             132.8     6.2
DAYS >= .10        74              78.0    -4.0
DAYS >= .50        20              26.8    -6.8
DAYS >= 1.00        6               8.8    -2.8
GREATEST
 24 HR. TOTAL    3.53   8/12-8/13
 STORM TOTAL       MM
 (MM/DD(HH))            MM

SNOWFALL (INCHES)
RECORDS
 TOTAL           85.9   1995
                        0
                        0
 24 HR TOTAL     24.1   01/12/1964 TO 01/13/1964
TOTALS           38.7              36.0     2.7
 LIQUID EQUIV    3.87               3.60    0.27
SINCE 7/1         9.1               8.7     0.4
 LIQUID 7/1      0.91
DAYS >= TRACE      56              23.9    32.1
DAYS >= 1.0        11              10.0     1.0
GREATEST
 SNOW DEPTH        13   02/16
                        02/15
 24 HR TOTAL      6.7   02/05
 STORM TOTAL       MM
 (MM/DD(HH))            MM

DEGREE_DAYS
HEATING TOTAL    6224              5994     230
 SINCE 7/1       2073              2293     220
COOLING TOTAL     713               702      11
 SINCE 1/1        713               702      11

FREEZE DATES
RECORD
 EARLIEST     09/22/1904
 LATEST       05/25/1956
EARLIEST                        09/22
LATEST                          05/25
.................................................

WIND (MPH)
AVERAGE WIND SPEED              6.2
HIGHEST WIND SPEED/DIRECTION    48/250    DATE  07/03
HIGHEST GUST SPEED/DIRECTION    66/240    DATE  07/03

SKY COVER
POSSIBLE SUNSHINE (PERCENT)   MM
AVERAGE SKY COVER           0.50
NUMBER OF DAYS FAIR          113
NUMBER OF DAYS PC            161
NUMBER OF DAYS CLOUDY         91

AVERAGE RH (PERCENT)     65

WEATHER CONDITIONS. NUMBER OF DAYS WITH
THUNDERSTORM             35     MIXED PRECIP               M
HEAVY RAIN               39     RAIN                      63
LIGHT RAIN              164     FREEZING RAIN              4
LT FREEZING RAIN          8     HAIL                       1
HEAVY SNOW                4     SNOW                       7
LIGHT SNOW               46     SLEET                      6
FOG                     163     FOG W/VIS <= 1/4 MILE     29
HAZE                     72

-  INDICATES NEGATIVE NUMBERS.
R  INDICATES RECORD WAS SET OR TIED.
MM INDICATES DATA IS MISSING.
T  INDICATES TRACE AMOUNT.

$$

LA CORTE
