000
CDUS43 KUNR 180832
CLI2WX


CLIMATE REPORT
NATIONAL WEATHER SERVICE RAPID CITY SD
231 AM MDT SAT APR 18 2015


...................................

...THE BUFFALO SD CLIMATE SUMMARY FOR APRIL 17 2015...

CLIMATE NORMAL PERIOD 1981 TO 2010
CLIMATE RECORD PERIOD 9999 TO 9999


WEATHER ITEM   OBSERVED TIME   NORMAL DEPARTURE LAST
                VALUE   (LST)  VALUE  FROM      YEAR
                                      NORMAL
......................................................
TEMPERATURE (F)
 YESTERDAY
  MAXIMUM         66    335 PM  56     10       52
  MINIMUM         30    451 AM  32     -2       28
  AVERAGE         48            44      4       40

PRECIPITATION (IN)
  YESTERDAY        0.00          0.05  -0.05     0.04
  MONTH TO DATE    0.43          0.74  -0.31     0.27
  SINCE MAR 1      0.84          1.51  -0.67     1.15
  SINCE JAN 1      1.31          2.08  -0.77     1.73

DEGREE DAYS
 HEATING
  YESTERDAY       17            21     -4       25
  MONTH TO DATE  348           408    -60      470
  SINCE MAR 1   1065          1414   -349     1579
  SINCE JUL 1   6523          7211   -688     7636

 COOLING
  YESTERDAY        0             0      0        0
  MONTH TO DATE    0             0      0        0
  SINCE MAR 1      0             0      0        0
  SINCE JAN 1      0             0      0        0
......................................................


WIND (MPH)
  HIGHEST WIND SPEED    10   HIGHEST WIND DIRECTION    SE (130)
  HIGHEST GUST SPEED    14   HIGHEST GUST DIRECTION    NE (60)
  AVERAGE WIND SPEED     4.3




RELATIVE HUMIDITY (PERCENT)
 HIGHEST    72           500 AM
 LOWEST     24           400 PM
 AVERAGE    48

..........................................................




SUNRISE AND SUNSET
APRIL 18 2015.........SUNRISE   604 AM MDT   SUNSET   744 PM MDT
APRIL 19 2015.........SUNRISE   602 AM MDT   SUNSET   746 PM MDT


-  INDICATES NEGATIVE NUMBERS.
R  INDICATES RECORD WAS SET OR TIED.
MM INDICATES DATA IS MISSING.
T  INDICATES TRACE AMOUNT.




$$
