000
CDUS43 KABR 041031
CLIABR


CLIMATE REPORT
NATIONAL WEATHER SERVICE ABERDEEN SD
531 AM CDT MON MAY 4 2015


...................................

...THE ABERDEEN SD CLIMATE SUMMARY FOR MAY 3 2015...

CLIMATE NORMAL PERIOD 1981 TO 2010
CLIMATE RECORD PERIOD 1893 TO 2015


WEATHER ITEM   OBSERVED TIME   RECORD YEAR NORMAL DEPARTURE LAST
                VALUE   (LST)  VALUE       VALUE  FROM      YEAR
                                                  NORMAL
..................................................................
TEMPERATURE (F)
 YESTERDAY
  MAXIMUM         71    105 PM  90    1952  65      6       57
  MINIMUM         43   1158 PM  13    2005  39      4       38
  AVERAGE         57                        52      5       48

PRECIPITATION (IN)
  YESTERDAY        0.00          1.99 1964   0.10  -0.10     0.00
  MONTH TO DATE    0.05                      0.30  -0.25     0.00
  SINCE MAR 1      0.83                      3.31  -2.48     2.81
  SINCE JAN 1      1.88                      4.33  -2.45     3.25

DEGREE DAYS
 HEATING
  YESTERDAY        8                        13     -5       17
  MONTH TO DATE   14                        40    -26       52
  SINCE MAR 1   1427                      1748   -321     1996
  SINCE JUL 1   7695                      8211   -516     9155

 COOLING
  YESTERDAY        0                         0      0        0
  MONTH TO DATE    0                         0      0        0
  SINCE MAR 1      0                         2     -2        0
  SINCE JAN 1      0                         2     -2        0
..................................................................


WIND (MPH)
  HIGHEST WIND SPEED    30   HIGHEST WIND DIRECTION     N (360)
  HIGHEST GUST SPEED    38   HIGHEST GUST DIRECTION     N (20)
  AVERAGE WIND SPEED    14.7


SKY COVER
  POSSIBLE SUNSHINE  MM
  AVERAGE SKY COVER 0.0


WEATHER CONDITIONS
 THE FOLLOWING WEATHER WAS RECORDED YESTERDAY.
  NO SIGNIFICANT WEATHER WAS OBSERVED.


RELATIVE HUMIDITY (PERCENT)
 HIGHEST    86           300 AM
 LOWEST     17           600 PM
 AVERAGE    52

..........................................................


THE ABERDEEN SD CLIMATE NORMALS FOR TODAY
                         NORMAL    RECORD    YEAR
 MAXIMUM TEMPERATURE (F)   66        98      1926
 MINIMUM TEMPERATURE (F)   40        20      2005


SUNRISE AND SUNSET
MAY  4 2015...........SUNRISE   618 AM CDT   SUNSET   844 PM CDT
MAY  5 2015...........SUNRISE   616 AM CDT   SUNSET   845 PM CDT


-  INDICATES NEGATIVE NUMBERS.
R  INDICATES RECORD WAS SET OR TIED.
MM INDICATES DATA IS MISSING.
T  INDICATES TRACE AMOUNT.




$$
