000
CDUS44 KFWD 210647
CLIACT


CLIMATE REPORT
NATIONAL WEATHER SERVICE FORT WORTH TX
147 AM CDT TUE APR 21 2015


...................................

...THE WACO CLIMATE SUMMARY FOR APRIL 20 2015...

CLIMATE NORMAL PERIOD 1981 TO 2010
CLIMATE RECORD PERIOD 1901 TO 2015


WEATHER ITEM   OBSERVED TIME   RECORD YEAR NORMAL DEPARTURE LAST
                VALUE   (LST)  VALUE       VALUE  FROM      YEAR
                                                  NORMAL
..................................................................
TEMPERATURE (F)
 YESTERDAY
  MAXIMUM         71    419 PM  94    1925  79     -8       79
  MINIMUM         46    628 AM  38    2013  56    -10       56
                                      1953
  AVERAGE         59                        67     -8       68

PRECIPITATION (IN)
  YESTERDAY        0.00          3.44 1957   0.10  -0.10     0.02
  MONTH TO DATE    1.49                      1.62  -0.13     1.70
  SINCE MAR 1      4.34                      4.77  -0.43     2.57
  SINCE JAN 1      9.07                      9.52  -0.45     3.33

SNOWFALL (IN)
  YESTERDAY        0.0           0.0    MM   0.0    0.0      0.0
  MONTH TO DATE    0.0                       0.2   -0.2      0.0
  SINCE MAR 1      0.7                       0.3    0.4      0.1
  SINCE JUL 1      1.4                       1.2    0.2      0.1
  SNOW DEPTH       0

DEGREE DAYS
 HEATING
  YESTERDAY        6                         2      4        0
  MONTH TO DATE   39                        66    -27       91
  SINCE MAR 1    334                       312     22      441
  SINCE JUL 1   2288                      2124    164     2584

 COOLING
  YESTERDAY        0                         4     -4        3
  MONTH TO DATE   88                        60     28       62
  SINCE MAR 1    115                        94     21       77
  SINCE JAN 1    115                       103     12       77
..................................................................


WIND (MPH)
  HIGHEST WIND SPEED    21   HIGHEST WIND DIRECTION     N (350)
  HIGHEST GUST SPEED    26   HIGHEST GUST DIRECTION     N (20)
  AVERAGE WIND SPEED     6.8


SKY COVER
  POSSIBLE SUNSHINE  MM
  AVERAGE SKY COVER 0.0


WEATHER CONDITIONS
 THE FOLLOWING WEATHER WAS RECORDED YESTERDAY.
  NO SIGNIFICANT WEATHER WAS OBSERVED.


RELATIVE HUMIDITY (PERCENT)
 HIGHEST    86           500 AM
 LOWEST     33           100 PM
 AVERAGE    60

..........................................................


THE WACO CLIMATE NORMALS FOR TODAY
                         NORMAL    RECORD    YEAR
 MAXIMUM TEMPERATURE (F)   79        94      1925
 MINIMUM TEMPERATURE (F)   56        43      1910


SUNRISE AND SUNSET
APRIL 21 2015.........SUNRISE   654 AM CDT   SUNSET   802 PM CDT
APRIL 22 2015.........SUNRISE   653 AM CDT   SUNSET   802 PM CDT


-  INDICATES NEGATIVE NUMBERS.
R  INDICATES RECORD WAS SET OR TIED.
MM INDICATES DATA IS MISSING.
T  INDICATES TRACE AMOUNT.




$$
