000
CDUS41 KPHI 270632
CLIACY


CLIMATE REPORT
NATIONAL WEATHER SERVICE MOUNT HOLLY NJ
232 AM EDT MON APR 27 2015


...................................

...THE ATLANTIC CITY NJ CLIMATE SUMMARY FOR APRIL 26 2015...

CLIMATE NORMAL PERIOD 1981 TO 2010
CLIMATE RECORD PERIOD 1874 TO 2015


WEATHER ITEM   OBSERVED TIME   RECORD YEAR NORMAL DEPARTURE LAST
                VALUE   (LST)  VALUE       VALUE  FROM      YEAR
                                                  NORMAL
..................................................................
TEMPERATURE (F)
 YESTERDAY
  MAXIMUM         59    300 PM  92    2009  65     -6       71
  MINIMUM         41   1120 PM  28    1967  45     -4       47
  AVERAGE         50                        55     -5       59

PRECIPITATION (IN)
  YESTERDAY        0.00          1.47 1939   0.12  -0.12     0.27
  MONTH TO DATE    2.55                      3.21  -0.66     1.82
  SINCE MAR 1      9.19                      7.42   1.77     6.82
  SINCE JAN 1     17.25                     13.51   3.74    15.37

SNOWFALL (IN)
  YESTERDAY        0.0           0.0  1903   0.0    0.0      0.0
  MONTH TO DATE    0.0                       0.3   -0.3       T
  SINCE MAR 1      7.4                       1.4    6.0     15.6
  SINCE JUL 1     22.4                      16.5    5.9     43.8
  SNOW DEPTH       0

DEGREE DAYS
 HEATING
  YESTERDAY       15                        10      5        6
  MONTH TO DATE  340                       368    -28      393
  SINCE MAR 1   1167                      1074     93     1252
  SINCE JUL 1   5042                      4665    377     5115

 COOLING
  YESTERDAY        0                         0      0        0
  MONTH TO DATE    0                         0      0        0
  SINCE MAR 1      0                         0      0        0
  SINCE JAN 1      0                         0      0        0
..................................................................


WIND (MPH)
  HIGHEST WIND SPEED    22   HIGHEST WIND DIRECTION    NE (50)
  HIGHEST GUST SPEED    25   HIGHEST GUST DIRECTION     E (70)
  AVERAGE WIND SPEED     8.3


SKY COVER
  POSSIBLE SUNSHINE  MM
  AVERAGE SKY COVER 0.1


WEATHER CONDITIONS
 THE FOLLOWING WEATHER WAS RECORDED YESTERDAY.
  NO SIGNIFICANT WEATHER WAS OBSERVED.


RELATIVE HUMIDITY (PERCENT)
 HIGHEST    82           500 AM
 LOWEST     35           600 PM
 AVERAGE    59

..........................................................


THE ATLANTIC CITY NJ CLIMATE NORMALS FOR TODAY
                         NORMAL    RECORD    YEAR
 MAXIMUM TEMPERATURE (F)   66        94      1969
 MINIMUM TEMPERATURE (F)   45        33      2001
                                             1964


SUNRISE AND SUNSET
APRIL 27 2015.........SUNRISE   605 AM EDT   SUNSET   748 PM EDT
APRIL 28 2015.........SUNRISE   604 AM EDT   SUNSET   749 PM EDT


-  INDICATES NEGATIVE NUMBERS.
R  INDICATES RECORD WAS SET OR TIED.
MM INDICATES DATA IS MISSING.
T  INDICATES TRACE AMOUNT.




$$
