000
CDAK48 PADQ 030907
CLIADQ

CLIMATE REPORT
NATIONAL WEATHER SERVICE KODIAK, AK
107 AM AKDT SUN MAY 3 2015

...................................
...THE KODIAK AP CLIMATE SUMMARY FOR MAY 2 2015...

CLIMATE NORMAL PERIOD  1981 TO  2010
CLIMATE RECORD PERIOD  1949 TO  2015

WEATHER ITEM   OBSERVED TIME    RECORD YEAR NORMAL DEPARTURE LAST
               VALUE    (LST)   VALUE       VALUE  FROM      YEAR
                                                   NORMAL
...................................................................
TEMPERATURE
YESTERDAY
 MAXIMUM            47  0232 PM    66  2014     47       0     66
 MINIMUM            32  0138 AM    26  1949     36      -4     46
 AVERAGE            40                          42      -2     56

PRECIPITATION
(INCHES)
 YESTERDAY           T           1.18  2008   0.18   -0.18   0.00
 MONTH TO DATE    0.23                        0.36   -0.13   0.00
 SINCE MAR 1     14.40                       11.70    2.70  11.09
 SINCE JAN 1     33.32                       26.13    7.19  32.34

SNOWFALL
(INCHES)
 YESTERDAY         0.0            2.8  1972    0.1    -0.1    0.0
 MONTH TO DATE     0.0                         0.1    -0.1    0.0
 SINCE MAR 1       4.7                        19.4   -14.7   12.4
 SINCE JUL 1      20.1                        68.8   -48.7     MM
 SNOW DEPTH (IN)     0                                          0

DEGREE DAYS
 HEATING
  YESTERDAY         25                          23       2      9
  MONTH TO DATE     49                          47       2     29
  SINCE MAR 1     1698                        1866    -168   1766
  SINCE JUL 1     6616                        7739   -1123   7052

 COOLING
  YESTERDAY          0                           0       0      0
  MONTH TO DATE      0                           0       0      0
  SINCE MAR 1        0                           0       0      0
  SINCE JAN 1        0                           0       0      0
...................................................................

WIND (MPH)
 HIGHEST WIND SPEED    22     HIGHEST WIND DIRECTION     70
 HIGHEST GUST SPEED    25     HIGHEST GUST DIRECTION     70
 AVERAGE WIND SPEED  10.3

SKY COVER
  POSSIBLE SUNSHINE    MM          AVERAGE SKY COVER     MM

WEATHER CONDITIONS
 THE FOLLOWING WEATHER WAS RECORDED YESTERDAY.
  FOG
RAIN


RELATIVE HUMIDITY
 HIGHEST RH     MM PERCENT       MM
 LOWEST  RH     MM PERCENT       MM
 AVERAGE RH     MM PERCENT       MM
...................................................................

THE KODIAK CLIMATE NORMALS FOR TODAY
                           NORMAL    RECORD   YEAR
 MAXIMUM TEMPERATURE (F)     47        61     2003
 MINIMUM TEMPERATURE (F)     36        20     1949

SUNRISE AND SUNSET
 MAY 3 2015..........SUNRISE  6:14 AM      SUNSET 10:02 PM
 MAY 4 2015..........SUNRISE  6:12 AM      SUNSET 10:04 PM

-  INDICATES NEGATIVE NUMBERS.
R  INDICATES RECORD HAS BEEN SET OR TIED.
MM INDICATES DATA IS MISSING.
T  INDICATES TRACE OF PRECIPITATION.

&&
-------------------------------------------------------------------

AMOUNT OF DAYLIGHT TODAY  (HOUR:MIN)........15 HOURS 48 MINUTES
GAIN/LOSS SINCE YESTERDAY (HOUR:MIN:SEC)....+0:04:35

$$
*** MAY 15
