000
CDUS42 KFFC 280829
CLIAHN


CLIMATE REPORT
NATIONAL WEATHER SERVICE PEACHTREE CITY GA
429 AM EDT TUE APR 28 2015


...................................

...THE ATHENS CLIMATE SUMMARY FOR APRIL 27 2015...

CLIMATE NORMAL PERIOD 1981 TO 2010
CLIMATE RECORD PERIOD 1898 TO 2015


WEATHER ITEM   OBSERVED TIME   RECORD YEAR NORMAL DEPARTURE LAST
                VALUE   (LST)  VALUE       VALUE  FROM      YEAR
                                                  NORMAL
..................................................................
TEMPERATURE (F)
 YESTERDAY
  MAXIMUM         74    247 PM  93    1986  77     -3       85
                                      1942
  MINIMUM         51   1159 PM  34    1919  52     -1       51
  AVERAGE         63                        65     -2       68

PRECIPITATION (IN)
  YESTERDAY        0.00          2.15 1964   0.10  -0.10      T
  MONTH TO DATE    7.39                      2.85   4.54     3.99
  SINCE MAR 1     10.18                      7.28   2.90     7.36
  SINCE JAN 1     17.15                     15.81   1.34    16.00

SNOWFALL (IN)
  YESTERDAY        0.0           0.0  2002   0.0    0.0      0.0
                                      2001
                                      2000
  MONTH TO DATE    0.0                       0.1   -0.1      0.0
  SINCE MAR 1      0.0                       0.9   -0.9      0.0
  SINCE JUL 1      T                         3.0   -3.0      2.8
  SNOW DEPTH       0

DEGREE DAYS
 HEATING
  YESTERDAY        2                         3     -1        0
  MONTH TO DATE   52                       139    -87      123
  SINCE MAR 1    305                       479   -174      532
  SINCE JUL 1   2811                      2734     77     2994

 COOLING
  YESTERDAY        0                         2     -2        3
  MONTH TO DATE   72                        38     34       35
  SINCE MAR 1     79                        48     31       35
  SINCE JAN 1     79                        49     30       36
..................................................................


WIND (MPH)
  RESULTANT WIND SPEED   1   RESULTANT WIND DIRECTION  NE (30)
  HIGHEST WIND SPEED    13   HIGHEST WIND DIRECTION    NW (300)
  HIGHEST GUST SPEED    18   HIGHEST GUST DIRECTION    NW (300)
  AVERAGE WIND SPEED     3.6


SKY COVER
  POSSIBLE SUNSHINE  MM
  AVERAGE SKY COVER 0.3


WEATHER CONDITIONS
 THE FOLLOWING WEATHER WAS RECORDED YESTERDAY.
  HAZE


RELATIVE HUMIDITY (PERCENT)
 HIGHEST    89           600 AM
 LOWEST     29           400 PM
 AVERAGE    59

..........................................................


THE ATHENS CLIMATE NORMALS FOR TODAY
                         NORMAL    RECORD    YEAR
 MAXIMUM TEMPERATURE (F)   77        92      1915
 MINIMUM TEMPERATURE (F)   53        38      1967
                                             1928


SUNRISE AND SUNSET
APRIL 28 2015.........SUNRISE   648 AM EDT   SUNSET   814 PM EDT
APRIL 29 2015.........SUNRISE   647 AM EDT   SUNSET   815 PM EDT


-  INDICATES NEGATIVE NUMBERS.
R  INDICATES RECORD WAS SET OR TIED.
MM INDICATES DATA IS MISSING.
T  INDICATES TRACE AMOUNT.




$$
