000
CDAK48 PAKN 050009
CLIAKN

CLIMATE REPORT
NATIONAL WEATHER SERVICE KING SALMON, AK
409 PM AKDT MON MAY 4 2015

...................................
...THE KING SALMON AP CLIMATE SUMMARY FOR MAY 4 2015...
VALID TODAY AS OF 2:00 PM LOCAL TIME

CLIMATE NORMAL PERIOD  1981 TO  2010
CLIMATE RECORD PERIOD  1917 TO  2015

WEATHER ITEM   OBSERVED TIME    RECORD YEAR NORMAL DEPARTURE LAST
               VALUE    (LST)   VALUE       VALUE  FROM      YEAR
                                                   NORMAL
...................................................................
TEMPERATURE
TODAY
 MAXIMUM            50  1201 PM    63  1961     50       0     54
 MINIMUM            34  0614 AM     4  1945     32       2     35
 AVERAGE            42                          41       1     45

PRECIPITATION
(INCHES)
 TODAY            0.02           0.58  1919   0.03   -0.01   0.00
 MONTH TO DATE    0.72                        0.13    0.59   0.00
 SINCE MAR 1      3.85                        1.80    2.05   1.28
 SINCE JAN 1      4.64                        3.58    1.06   3.09

SNOWFALL
(INCHES)
 TODAY             0.0            1.8  2012    0.1    -0.1    0.0
 MONTH TO DATE     0.0                         0.2    -0.2    0.0
 SINCE MAR 1      12.4                        10.5     1.9    9.3
 SINCE JUL 1      26.1                        46.0   -19.9   36.0
 SNOW DEPTH (IN)     0                                          0

DEGREE DAYS
 HEATING
  TODAY             23                          24      -1     20
  MONTH TO DATE     90                          99      -9     73
  SINCE MAR 1     2015                        2304    -289   2120
  SINCE JUL 1     8212                        9922   -1710   8480

 COOLING
  TODAY              0                           0       0      0
  MONTH TO DATE      0                           0       0      0
  SINCE MAR 1        0                           0       0      0
  SINCE JAN 1        0                           0       0      0
...................................................................

WIND (MPH)
 HIGHEST WIND SPEED    17     HIGHEST WIND DIRECTION    160
 HIGHEST GUST SPEED    20     HIGHEST GUST DIRECTION    150
 AVERAGE WIND SPEED    MM

SKY COVER
  POSSIBLE SUNSHINE  MM            AVERAGE SKY COVER MM

WEATHER CONDITIONS
 THE FOLLOWING WEATHER WAS RECORDED TODAY.
RAIN


RELATIVE HUMIDITY
 HIGHEST RH     MM PERCENT       MM
 LOWEST  RH     MM PERCENT       MM
 AVERAGE RH     MM PERCENT       MM
...................................................................

THE KING SALMON CLIMATE NORMALS FOR TOMORROW
                        NORMAL    RECORD   YEAR
 MAXIMUM TEMPERATURE      50        68     2004
 MINIMUM TEMPERATURE      32        14     1992

SUNRISE AND SUNSET
 MAY 4 2015..........SUNRISE  6:24 AM      SUNSET 10:25 PM
 MAY 5 2015..........SUNRISE  6:21 AM      SUNSET 10:28 PM

-  INDICATES NEGATIVE NUMBERS.
R  INDICATES RECORD HAS BEEN SET OR TIED.
MM INDICATES DATA IS MISSING.
T  INDICATES TRACE OF PRECIPITATION.

&&
-------------------------------------------------------------------

AMOUNT OF DAYLIGHT TODAY  (HOUR:MIN)........16 HOURS 1 MINUTES
GAIN/LOSS SINCE YESTERDAY (HOUR:MIN:SEC)....+0:04:47

$$
FS MAY 15
