000
CDUS45 KBOU 181109
CLIAKO

CLIMATE REPORT
NATIONAL WEATHER SERVICE BOULDER, CO
125 AM MDT SAT APR 18 2015


...................................

...THE AKRON CO CLIMATE SUMMARY FOR APRIL 17 2015...

CLIMATE NORMAL PERIOD 1981 TO 2010

WEATHER ITEM   OBSERVED TIME   RECORD YEAR NORMAL DEPARTURE LAST
                VALUE   (LST)  VALUE       VALUE  FROM      YEAR
                                                  NORMAL
..................................................................
TEMPERATURE (F)
 YESTERDAY
  MAXIMUM         56    246 PM  87    1948  61     -5
  MINIMUM         41   1159 PM  13    1944  34      7
  AVERAGE         49                        47      2

PRECIPITATION (IN)
  YESTERDAY        0.25          0.72 1970   0.06   0.19     0.00
  MONTH TO DATE    0.85                      0.79   0.06     0.54
  SINCE MAR 1      1.07                      1.66  -0.59     0.97
  SINCE JAN 1      1.35                      2.40  -1.05     1.40

DEGREE DAYS
 HEATING
  YESTERDAY       16
  MONTH TO DATE  272

 COOLING
  YESTERDAY        0
  MONTH TO DATE    0
..................................................................


WIND (MPH)
  HIGHEST WIND SPEED    26   HIGHEST WIND DIRECTION     N (350)
  HIGHEST GUST SPEED    32   HIGHEST GUST DIRECTION     N (360)




RELATIVE HUMIDITY (PERCENT)
 HIGHEST   100
 LOWEST     77
 AVERAGE    89

..........................................................


THE AKRON CO CLIMATE NORMALS FOR TODAY
                         NORMAL    RECORD    YEAR
 MAXIMUM TEMPERATURE (F)   61        87      1987
 MINIMUM TEMPERATURE (F)   34         5      1953


SUNRISE AND SUNSET
APRIL 18 2015.........SUNRISE   611 AM MDT   SUNSET   734 PM MDT
APRIL 19 2015.........SUNRISE   609 AM MDT   SUNSET   735 PM MDT


-  INDICATES NEGATIVE NUMBERS.
R  INDICATES RECORD WAS SET OR TIED.
MM INDICATES DATA IS MISSING.
T  INDICATES TRACE AMOUNT.




$$
