000
CDUS45 KPUB 270023
CLIALS


CLIMATE REPORT
NATIONAL WEATHER SERVICE PUEBLO
623 PM MDT SUN APR 26 2015


...................................

...THE ALAMOSA CO CLIMATE SUMMARY FOR APRIL 26 2015...
VALID TODAY AS OF 0500 PM LOCAL TIME.

CLIMATE NORMAL PERIOD 1981 TO 2010
CLIMATE RECORD PERIOD 1932 TO 2015


WEATHER ITEM   OBSERVED TIME   RECORD YEAR NORMAL DEPARTURE LAST
                VALUE   (LST)  VALUE       VALUE  FROM      YEAR
                                                  NORMAL
..................................................................
TEMPERATURE (F)
 TODAY
  MAXIMUM         51   1120 AM  76    2012  63    -12       63
                                      2000
  MINIMUM         33   1233 AM  13    1967  28      5       29
  AVERAGE         42                        45     -3       46

PRECIPITATION (IN)
  TODAY            0.12          0.24 1998   0.02   0.10      T
  MONTH TO DATE    0.33                      0.51  -0.18     1.01
  SINCE MAR 1      0.73                      1.04  -0.31     1.41
  SINCE JAN 1      2.07                      1.56   0.51     1.53

SNOWFALL (IN)
  TODAY            0.0           2.2  1948   0.1   -0.1      0.0
  MONTH TO DATE    0.7                       3.3   -2.6      6.6
  SINCE MAR 1      0.7                       8.3   -7.6     10.0
  SINCE JUL 1     23.8                      26.4   -2.6     38.1
  SNOW DEPTH       0

DEGREE DAYS
 HEATING
  TODAY           23                        20      3       19
  MONTH TO DATE  567                       618    -51      551
  SINCE MAR 1   1352                      1595   -243     1426
  SINCE JUL 1   6844                      7924  -1080     7994

 COOLING
  TODAY            0                         0      0        0
  MONTH TO DATE    0                         0      0        0
  SINCE MAR 1      0                         0      0        0
  SINCE JAN 1      0                         0      0        0
..................................................................


WIND (MPH)
  HIGHEST WIND SPEED    24   HIGHEST WIND DIRECTION     S (160)
  HIGHEST GUST SPEED    30   HIGHEST GUST DIRECTION    SE (150)
  AVERAGE WIND SPEED     6.2


SKY COVER
  POSSIBLE SUNSHINE  MM
  AVERAGE SKY COVER 0.6


WEATHER CONDITIONS
 THE FOLLOWING WEATHER WAS RECORDED TODAY.
  THUNDERSTORM
  LIGHT RAIN
  FOG


RELATIVE HUMIDITY (PERCENT)
 HIGHEST    82           400 PM
 LOWEST     54          1100 AM
 AVERAGE    68

..........................................................


THE ALAMOSA CO CLIMATE NORMALS FOR TOMORROW
                         NORMAL    RECORD    YEAR
 MAXIMUM TEMPERATURE (F)   63        76      2000
                                             1943
 MINIMUM TEMPERATURE (F)   28         8      1991


SUNRISE AND SUNSET
APRIL 26 2015.........SUNRISE   615 AM MDT   SUNSET   749 PM MDT
APRIL 27 2015.........SUNRISE   613 AM MDT   SUNSET   750 PM MDT


-  INDICATES NEGATIVE NUMBERS.
R  INDICATES RECORD WAS SET OR TIED.
MM INDICATES DATA IS MISSING.
T  INDICATES TRACE AMOUNT.




$$
