000
CDUS42 KJAX 210534
CLIAMG


CLIMATE REPORT
NATIONAL WEATHER SERVICE JACKSONVILLE FL
133 AM EDT TUE APR 21 2015


...................................

...THE ALMA CLIMATE SUMMARY FOR APRIL 20 2015...

CLIMATE NORMAL PERIOD 1981 TO 2010
CLIMATE RECORD PERIOD 1948 TO 2015


WEATHER ITEM   OBSERVED TIME   RECORD YEAR NORMAL DEPARTURE LAST
                VALUE   (LST)  VALUE       VALUE  FROM      YEAR
                                                  NORMAL
..................................................................
TEMPERATURE (F)
 YESTERDAY
  MAXIMUM         72    208 PM  93    1968  80     -8       67
  MINIMUM         63   1048 PM  38    1956  55      8       52
  AVERAGE         68                        67      1       60

PRECIPITATION (IN)
  YESTERDAY        T             1.36 2010   0.08  -0.08     0.00
  MONTH TO DATE    1.83                      2.04  -0.21     7.66
  SINCE MAR 1      4.34                      6.79  -2.45    10.88
  SINCE JAN 1     10.17                     14.85  -4.68    14.40

SNOWFALL (IN)
  YESTERDAY        0.0           0.0    MM   0.0    0.0      0.0
  MONTH TO DATE    0.0                       0.0    0.0      0.0
  SINCE MAR 1      0.0                       0.0    0.0      0.0
  SINCE JUL 1      0.0                       0.1   -0.1       T
  SNOW DEPTH       0

DEGREE DAYS
 HEATING
  YESTERDAY        0                         2     -2        5
  MONTH TO DATE    2                        52    -50       57
  SINCE MAR 1    136                       240   -104      336
  SINCE JUL 1   1811                      1641    170     1803

 COOLING
  YESTERDAY        3                         4     -1        0
  MONTH TO DATE  131                        55     76       33
  SINCE MAR 1    183                        93     90       37
  SINCE JAN 1    186                       109     77       45
..................................................................


WIND (MPH)
  HIGHEST WIND SPEED    10   HIGHEST WIND DIRECTION    SW (220)
  HIGHEST GUST SPEED    18   HIGHEST GUST DIRECTION    SW (243)
  AVERAGE WIND SPEED     6.4


SKY COVER
  POSSIBLE SUNSHINE  MM
  AVERAGE SKY COVER 0.4


WEATHER CONDITIONS
 THE FOLLOWING WEATHER WAS RECORDED YESTERDAY.
  LIGHT RAIN
  FOG
  FOG W/VISIBILITY <= 1/4 MILE


RELATIVE HUMIDITY (PERCENT)
 HIGHEST   100           100 AM
 LOWEST     70           400 PM
 AVERAGE    85

..........................................................


THE ALMA CLIMATE NORMALS FOR TODAY
                         NORMAL    RECORD    YEAR
 MAXIMUM TEMPERATURE (F)   80        92      2002
 MINIMUM TEMPERATURE (F)   55        33      1953


SUNRISE AND SUNSET
APRIL 21 2015.........SUNRISE   655 AM EDT   SUNSET   803 PM EDT
APRIL 22 2015.........SUNRISE   654 AM EDT   SUNSET   803 PM EDT


-  INDICATES NEGATIVE NUMBERS.
R  INDICATES RECORD WAS SET OR TIED.
MM INDICATES DATA IS MISSING.
T  INDICATES TRACE AMOUNT.




$$
