000
CDUS44 KEWX 270730
CLIATT


CLIMATE REPORT
NATIONAL WEATHER SERVICE AUSTIN/SAN ANTONIO, TX
226 AM CDT MON APR 27 2015


...................................

...THE AUSTIN CAMP MABRY CLIMATE SUMMARY FOR APRIL 26 2015...

CLIMATE NORMAL PERIOD 1981 TO 2010
CLIMATE RECORD PERIOD 1897 TO 2015


WEATHER ITEM   OBSERVED TIME   RECORD YEAR NORMAL DEPARTURE LAST
                VALUE   (LST)  VALUE       VALUE  FROM      YEAR
                                                  NORMAL
..................................................................
TEMPERATURE (F)
 YESTERDAY
  MAXIMUM         86    316 PM  97    1988  82      4       86
  MINIMUM         69    903 AM  45    1926  62      7       68
  AVERAGE         78                        72      6

PRECIPITATION (IN)
  YESTERDAY        0.08          3.00 1915   0.09  -0.01      T
  MONTH TO DATE    1.75                      1.73   0.02     1.89
  SINCE MAR 1      6.58                      4.49   2.09     3.16
  SINCE JAN 1     12.10                      8.73   3.37     3.99

SNOWFALL (IN)
  YESTERDAY        0.0
  MONTH TO DATE    T
  SINCE MAR 1      T
  SINCE JUL 1      T
  SNOW DEPTH       0

DEGREE DAYS
 HEATING
  YESTERDAY        0                         0      0        0
  MONTH TO DATE    4                        37    -33       49
  SINCE MAR 1    207                       199      8      275
  SINCE JUL 1   1690                      1536    154     1771

 COOLING
  YESTERDAY       13                         7      6       12
  MONTH TO DATE  194                       134     60      138
  SINCE MAR 1    256                       195     61      181
  SINCE JAN 1    267                       222     45      222
..................................................................


WIND (MPH)
  HIGHEST WIND SPEED    18   HIGHEST WIND DIRECTION    SE (140)
  HIGHEST GUST SPEED    32   HIGHEST GUST DIRECTION     S (160)
  AVERAGE WIND SPEED     8.1


SKY COVER
  AVERAGE SKY COVER 0.8


WEATHER CONDITIONS
 THE FOLLOWING WEATHER WAS RECORDED YESTERDAY.
  THUNDERSTORM
  LIGHT RAIN
  FOG
  HAZE


RELATIVE HUMIDITY (PERCENT)
 HIGHEST    93           100 AM
 LOWEST     61           100 PM
 AVERAGE    77

..........................................................


THE AUSTIN CAMP MABRY CLIMATE NORMALS FOR TODAY
                         NORMAL    RECORD    YEAR
 MAXIMUM TEMPERATURE (F)   82        96      2014
 MINIMUM TEMPERATURE (F)   62        45      1926


SUNRISE AND SUNSET
APRIL 27 2015.........SUNRISE   651 AM CDT   SUNSET   806 PM CDT
APRIL 28 2015.........SUNRISE   650 AM CDT   SUNSET   807 PM CDT


-  INDICATES NEGATIVE NUMBERS.
R  INDICATES RECORD WAS SET OR TIED.
MM INDICATES DATA IS MISSING.
T  INDICATES TRACE AMOUNT.




$$
