000
CDUS41 KOKX 040647
CLIBDR


CLIMATE REPORT
NATIONAL WEATHER SERVICE NEW YORK NY
247 AM EDT MON MAY 4 2015


...................................

...THE BRIDGEPORT CT CLIMATE SUMMARY FOR MAY 3 2015...

CLIMATE NORMAL PERIOD 1981 TO 2010
CLIMATE RECORD PERIOD 1948 TO 2015


WEATHER ITEM   OBSERVED TIME   RECORD YEAR NORMAL DEPARTURE LAST
                VALUE   (LST)  VALUE       VALUE  FROM      YEAR
                                                  NORMAL
..................................................................
TEMPERATURE (F)
 YESTERDAY
  MAXIMUM         73    155 PM  86    2001  64      9       68
  MINIMUM         46    510 AM  34    1966  47     -1       48
  AVERAGE         60                        55      5       58

PRECIPITATION (IN)
  YESTERDAY        0.00          1.26 1949   0.12  -0.12     0.01
  MONTH TO DATE    0.00                      0.34  -0.34     1.50
  SINCE MAR 1      6.81                      8.52  -1.71    12.18
  SINCE JAN 1     13.15                     14.41  -1.26    19.16

SNOWFALL (IN)
  YESTERDAY        0.0           0.0  2002   0.0    0.0      0.0
                                      2001
  MONTH TO DATE    0.0                       0.0    0.0      0.0
  SINCE OCT 1     59.7                      27.6   32.1     57.4
  SINCE JUL 1     59.7                      27.6   32.1     57.4
  SNOW DEPTH       0

DEGREE DAYS
 HEATING
  YESTERDAY        5                        10     -5        7
  MONTH TO DATE   31                        31      0       19
  SINCE MAR 1   1442                      1299    143     1451
  SINCE JUL 1   5548                      5186    362     5499

 COOLING
  YESTERDAY        0                         0      0        0
  MONTH TO DATE    0                         0      0        0
  SINCE MAR 1      0                         2     -2        0
  SINCE JAN 1      0                         2     -2        0
..................................................................


WIND (MPH)
  HIGHEST WIND SPEED    15   HIGHEST WIND DIRECTION     S (190)
  HIGHEST GUST SPEED    20   HIGHEST GUST DIRECTION     S (190)
  AVERAGE WIND SPEED     7.5


SKY COVER
  AVERAGE SKY COVER 0.1


WEATHER CONDITIONS
 THE FOLLOWING WEATHER WAS RECORDED YESTERDAY.
  NO SIGNIFICANT WEATHER WAS OBSERVED.


RELATIVE HUMIDITY (PERCENT)
 HIGHEST    86           400 AM
 LOWEST     40           100 PM
 AVERAGE    63

..........................................................


THE BRIDGEPORT CT CLIMATE NORMALS FOR TODAY
                         NORMAL    RECORD    YEAR
 MAXIMUM TEMPERATURE (F)   64        87      1965
 MINIMUM TEMPERATURE (F)   47        36      1986
                                             1985
                                             1967


SUNRISE AND SUNSET
MAY  4 2015...........SUNRISE   547 AM EDT   SUNSET   752 PM EDT
MAY  5 2015...........SUNRISE   546 AM EDT   SUNSET   754 PM EDT


-  INDICATES NEGATIVE NUMBERS.
R  INDICATES RECORD WAS SET OR TIED.
MM INDICATES DATA IS MISSING.
T  INDICATES TRACE AMOUNT.




$$
