000
CDAK48 PABE 251205
CLIBET

CLIMATE REPORT
NATIONAL WEATHER SERVICE BETHEL, AK
405 AM AKDT SAT APR 25 2015

...................................
...THE BETHEL AP CLIMATE SUMMARY FOR APRIL 24 2015...

CLIMATE NORMAL PERIOD  1981 TO  2015
CLIMATE RECORD PERIOD  1923 TO  2015

WEATHER ITEM   OBSERVED TIME    RECORD YEAR NORMAL DEPARTURE LAST
               VALUE    (LST)   VALUE       VALUE  FROM      YEAR
                                                   NORMAL
...................................................................
TEMPERATURE
YESTERDAY
 MAXIMUM            46  0255 PM    59  1938     40       6     53
 MINIMUM            32  0613 AM   -12  1924     24       8     26
 AVERAGE            39                          32       7     40

PRECIPITATION
(INCHES)
 YESTERDAY        0.11           0.25  1995   0.03    0.08   0.00
 MONTH TO DATE    1.05                        0.57    0.48   0.31
 SINCE MAR 1      1.55                        1.28    0.27   0.79
 SINCE JAN 1      2.59                        2.78   -0.19   2.37

SNOWFALL
(INCHES)
 YESTERDAY         0.0            1.6  1976    0.1    -0.1    0.0
 MONTH TO DATE     9.8                         4.9     4.9    1.0
 SINCE MAR 1      16.6                        13.1     3.5    5.7
 SINCE JUL 1      42.1                        58.9   -16.8   27.8
 SNOW DEPTH (IN)     T                                          0

DEGREE DAYS
 HEATING
  YESTERDAY         26                          33      -7     25
  MONTH TO DATE    896                         953     -57    792
  SINCE MAR 1     2266                        2497    -231   2405
  SINCE JUL 1    10041                       11243   -1202   9880

 COOLING
  YESTERDAY          0                           0       0      0
  MONTH TO DATE      0                           0       0      0
  SINCE MAR 1        0                           0       0      0
  SINCE JAN 1        0                           0       0      0
...................................................................

WIND (MPH)
 HIGHEST WIND SPEED    17     HIGHEST WIND DIRECTION    100
 HIGHEST GUST SPEED    22     HIGHEST GUST DIRECTION     70
 AVERAGE WIND SPEED   8.1

SKY COVER
  POSSIBLE SUNSHINE    MM          AVERAGE SKY COVER     MM

WEATHER CONDITIONS
 THE FOLLOWING WEATHER WAS RECORDED YESTERDAY.
  FOG
RAIN


RELATIVE HUMIDITY
 HIGHEST RH     MM PERCENT       MM
 LOWEST  RH     MM PERCENT       MM
 AVERAGE RH     MM PERCENT       MM
...................................................................

THE BETHEL CLIMATE NORMALS FOR TODAY
                           NORMAL    RECORD   YEAR
 MAXIMUM TEMPERATURE (F)     40        56     1998
 MINIMUM TEMPERATURE (F)     25        -3     1964

SUNRISE AND SUNSET
 APR 25 2015..........SUNRISE  6:59 AM      SUNSET 10:35 PM
 APR 26 2015..........SUNRISE  6:56 AM      SUNSET 10:37 PM

-  INDICATES NEGATIVE NUMBERS.
R  INDICATES RECORD HAS BEEN SET OR TIED.
MM INDICATES DATA IS MISSING.
T  INDICATES TRACE OF PRECIPITATION.

&&
-------------------------------------------------------------------

AMOUNT OF DAYLIGHT TODAY  (HOUR:MIN)........15 HOURS 36 MINUTES
GAIN/LOSS SINCE YESTERDAY (HOUR:MIN:SEC)....+0:05:31

$$
*** APR 15
