000
CDUS45 KCYS 040727
CLIBFF


CLIMATE REPORT
NATIONAL WEATHER SERVICE CHEYENNE WY
127 AM MDT MON MAY 4 2015


...................................

...THE SCOTTSBLUFF NE AIRPORT CLIMATE SUMMARY FOR MAY 3 2015...

CLIMATE NORMAL PERIOD 1981 TO 2010
CLIMATE RECORD PERIOD 1871 TO 2015


WEATHER ITEM   OBSERVED TIME   RECORD YEAR NORMAL DEPARTURE LAST
                VALUE   (LST)  VALUE       VALUE  FROM      YEAR
                                                  NORMAL
..................................................................
TEMPERATURE (F)
 YESTERDAY
  MAXIMUM         72    241 PM  90    1940  68      4       84
  MINIMUM         48    537 AM  15    1907  38     10       38
  AVERAGE         60                        53      7       61

PRECIPITATION (IN)
  YESTERDAY        0.00          1.18 1905   0.07  -0.07     0.00
  MONTH TO DATE    0.01                      0.20  -0.19      T
  SINCE JAN 1      4.22                      4.04   0.18     3.07

SNOWFALL (IN)
  YESTERDAY        0.0           2.6  1967   0.0    0.0      0.0
  MONTH TO DATE    0.0                       0.1   -0.1      0.0
  SINCE JUL 1     43.7                      41.7    2.0     61.5
  SNOW DEPTH       0

DEGREE DAYS
 HEATING
  YESTERDAY        5                        13     -8        4
  MONTH TO DATE   11                        39    -28       35
  SINCE MAR 1   1100                      1420   -320     1362
  SINCE JUL 1   5815                      6332   -517     6395

 COOLING
  YESTERDAY        0                         0      0        0
  MONTH TO DATE    0                         0      0        0
  SINCE MAR 1      0                         2     -2        0
  SINCE JAN 1      0                         2     -2        0
..................................................................


WIND (MPH)
  HIGHEST WIND SPEED    21   HIGHEST WIND DIRECTION     N (20)
  HIGHEST GUST SPEED    28   HIGHEST GUST DIRECTION    NE (30)
  AVERAGE WIND SPEED    10.0


SKY COVER
  AVERAGE SKY COVER 0.0


WEATHER CONDITIONS
 THE FOLLOWING WEATHER WAS RECORDED YESTERDAY.
  NO SIGNIFICANT WEATHER WAS OBSERVED.


RELATIVE HUMIDITY (PERCENT)
 HIGHEST    74           600 AM
 LOWEST     31          1100 AM
 AVERAGE    53

..........................................................


THE SCOTTSBLUFF NE AIRPORT CLIMATE NORMALS FOR TODAY
                         NORMAL    RECORD    YEAR
 MAXIMUM TEMPERATURE (F)   68        92      1936
 MINIMUM TEMPERATURE (F)   38        20      1898


SUNRISE AND SUNSET
MAY  4 2015...........SUNRISE   547 AM MDT   SUNSET   756 PM MDT
MAY  5 2015...........SUNRISE   546 AM MDT   SUNSET   757 PM MDT


-  INDICATES NEGATIVE NUMBERS.
R  INDICATES RECORD WAS SET OR TIED.
MM INDICATES DATA IS MISSING.
T  INDICATES TRACE AMOUNT.




$$
