000
CDUS41 KCAR 040526
CLIBGR


CLIMATE REPORT
NATIONAL WEATHER SERVICE CARIBOU, ME
126 AM EDT MON MAY 4 2015


...................................

...THE BANGOR ME CLIMATE SUMMARY FOR MAY 3 2015...

CLIMATE NORMAL PERIOD 1981 TO 2010
CLIMATE RECORD PERIOD 1925 TO 2015


WEATHER ITEM   OBSERVED TIME   RECORD YEAR NORMAL DEPARTURE LAST
                VALUE   (LST)  VALUE       VALUE  FROM      YEAR
                                                  NORMAL
..................................................................
TEMPERATURE (F)
 YESTERDAY
  MAXIMUM         69    141 PM  91    2001  61      8       63
  MINIMUM         37    301 AM  23    1946  38     -1       35
  AVERAGE         53                        49      4       49

PRECIPITATION (IN)
  YESTERDAY        0.00          1.54 1971   0.11  -0.11      T
  MONTH TO DATE    0.00                      0.34  -0.34     0.61
  SINCE MAR 1      3.84                      7.34  -3.50     6.54
  SINCE JAN 1      8.73                     12.75  -4.02    11.71

SNOWFALL (IN)
  YESTERDAY        0.0           0.0  2002   0.0             0.0
                                      2001
  MONTH TO DATE    0.0                       0.0             0.0
  SINCE MAR 1     21.9                      15.4            16.8
  SINCE JUL 1    139.0                      66.1            80.0
  SNOW DEPTH       0

DEGREE DAYS
 HEATING
  YESTERDAY       12                        16     -4       16
  MONTH TO DATE   48                        48      0       49
  SINCE MAR 1   2023                      1800    223     2042
  SINCE JUL 1   7913                      7446    467     7794

 COOLING
  YESTERDAY        0                         0      0        0
  MONTH TO DATE    0                         0      0        0
  SINCE MAR 1      0                         0      0        0
  SINCE JAN 1      0                         0      0        0
..................................................................


WIND (MPH)
  RESULTANT WIND SPEED   7   RESULTANT WIND DIRECTION   S (180)
  HIGHEST WIND SPEED    15   HIGHEST WIND DIRECTION     S (160)
  HIGHEST GUST SPEED    18   HIGHEST GUST DIRECTION     S (180)


SKY COVER
  POSSIBLE SUNSHINE  MM
  AVERAGE SKY COVER 0.4


WEATHER CONDITIONS
 THE FOLLOWING WEATHER WAS RECORDED YESTERDAY.
  FOG


RELATIVE HUMIDITY (PERCENT)
 HIGHEST    92
 LOWEST     37
 AVERAGE    65

..........................................................


THE BANGOR ME CLIMATE NORMALS FOR TODAY
                         NORMAL    RECORD    YEAR
 MAXIMUM TEMPERATURE (F)   61        87      1937
 MINIMUM TEMPERATURE (F)   39        26      1939


SUNRISE AND SUNSET
MAY  4 2015...........SUNRISE   521 AM EDT   SUNSET   744 PM EDT
MAY  5 2015...........SUNRISE   520 AM EDT   SUNSET   745 PM EDT


-  INDICATES NEGATIVE NUMBERS.
R  INDICATES RECORD WAS SET OR TIED.
MM INDICATES DATA IS MISSING.
T  INDICATES TRACE AMOUNT.




$$
