000
CDUS45 KVEF 040827
CLIBIH


CLIMATE REPORT
NATIONAL WEATHER SERVICE LAS VEGAS, NV
126 AM PDT MON MAY 4 2015


...................................

...THE BISHOP CA CLIMATE SUMMARY FOR MAY 3 2015...

CLIMATE NORMAL PERIOD 1981 TO 2010
CLIMATE RECORD PERIOD 1943 TO 2015


WEATHER ITEM   OBSERVED TIME   RECORD YEAR NORMAL DEPARTURE LAST
                VALUE   (LST)  VALUE       VALUE  FROM      YEAR
                                                  NORMAL
..................................................................
TEMPERATURE (F)
 YESTERDAY
  MAXIMUM         86    208 PM  94    1947  78      8       89
  MINIMUM         42    456 AM  25    1964  41      1       43
  AVERAGE         64                        60      4       66

PRECIPITATION (IN)
  YESTERDAY        0.00          0.07 1969   0.01  -0.01     0.00
  MONTH TO DATE    0.00                      0.02  -0.02     0.00
  SINCE OCT 1      0.74                      4.33  -3.59     2.24
  SINCE JAN 1      0.28                      2.71  -2.43     2.02

SNOWFALL (IN)
  YESTERDAY        0.0          MM      MM   0.0    0.0      0.0
  MONTH TO DATE    0.0                       0.0    0.0      0.0
  SINCE MAR 1      T                         0.9   -0.9      0.1
  SINCE JUL 1      T                         6.8   -6.8      0.6
  SNOW DEPTH       0

DEGREE DAYS
 HEATING
  YESTERDAY        1                         6     -5        0
  MONTH TO DATE    1                        19    -18        4
  SINCE MAR 1    551                       854   -303      648
  SINCE JUL 1   2992                      4061  -1069     3598

 COOLING
  YESTERDAY        0                         1     -1        1
  MONTH TO DATE    1                         1      0        3
  SINCE MAR 1      5                         5      0        7
  SINCE JAN 1      5                         5      0        7
..................................................................


WIND (MPH)
  RESULTANT WIND SPEED   2   RESULTANT WIND DIRECTION   W (280)
  HIGHEST WIND SPEED    23   HIGHEST WIND DIRECTION     N (350)
  HIGHEST GUST SPEED    31   HIGHEST GUST DIRECTION     W (250)
  AVERAGE WIND SPEED     8.5


SKY COVER
  POSSIBLE SUNSHINE  MM
  AVERAGE SKY COVER 0.0


WEATHER CONDITIONS
 THE FOLLOWING WEATHER WAS RECORDED YESTERDAY.
  NO SIGNIFICANT WEATHER WAS OBSERVED.


RELATIVE HUMIDITY (PERCENT)
 HIGHEST    45           500 AM
 LOWEST      8           100 PM
 AVERAGE    27

..........................................................


THE BISHOP CA CLIMATE NORMALS FOR TODAY
                         NORMAL    RECORD    YEAR
 MAXIMUM TEMPERATURE (F)   78        93      1947
 MINIMUM TEMPERATURE (F)   41        29      1965


SUNRISE AND SUNSET
MAY  4 2015...........SUNRISE   555 AM PDT   SUNSET   746 PM PDT
MAY  5 2015...........SUNRISE   554 AM PDT   SUNSET   747 PM PDT


-  INDICATES NEGATIVE NUMBERS.
R  INDICATES RECORD WAS SET OR TIED.
MM INDICATES DATA IS MISSING.
T  INDICATES TRACE AMOUNT.




$$
