000
CDUS43 KGRR 062238
CLIBIV


CLIMATE REPORT
NATIONAL WEATHER SERVICE GRAND RAPIDS, MI
634 PM EDT WED MAY 6 2015


...................................

...THE HOLLAND/TULIP CITY MI CLIMATE SUMMARY FOR MAY 6 2015...
VALID TODAY AS OF 0500 PM LOCAL TIME.

CLIMATE NORMAL PERIOD 1981 TO 2010
CLIMATE RECORD PERIOD 1996 TO 2015


WEATHER ITEM   OBSERVED TIME   NORMAL DEPARTURE LAST
                VALUE   (LST)  VALUE  FROM      YEAR
                                      NORMAL
......................................................
TEMPERATURE (F)
 TODAY
  MAXIMUM         78    347 PM  66     12       67
  MINIMUM         53    719 AM  45      8       39
  AVERAGE         66            56     10       53

PRECIPITATION (IN)
  TODAY            0.00          0.11  -0.11     0.01
  MONTH TO DATE    0.42          0.69  -0.27     0.25
  SINCE MAR 1      4.96          6.21  -1.25     3.79
  SINCE JAN 1      6.44         10.10  -3.66     7.75

DEGREE DAYS
 HEATING
  TODAY            0            10    -10       12
  MONTH TO DATE   44            64    -20       95
  SINCE MAR 1   1514          1443     71     1734
  SINCE JUL 1   6481          5943    538     6892

 COOLING
  TODAY            1             0      1        0
  MONTH TO DATE    2             0      2        0
  SINCE MAR 1      2             4     -2        0
  SINCE JAN 1      2             4     -2        0
......................................................


WIND (MPH)
  RESULTANT WIND SPEED   8   RESULTANT WIND DIRECTION   E (100)
  HIGHEST WIND SPEED    13   HIGHEST WIND DIRECTION     E (100)
  HIGHEST GUST SPEED    15   HIGHEST GUST DIRECTION     E (90)
  AVERAGE WIND SPEED     7.8


SKY COVER
  AVERAGE SKY COVER 0.7


WEATHER CONDITIONS
 THE FOLLOWING WEATHER WAS RECORDED TODAY.
  FOG


RELATIVE HUMIDITY (PERCENT)
 HIGHEST    93           300 AM
 LOWEST     56           300 PM
 AVERAGE    75

..........................................................


THE HOLLAND/TULIP CITY MI CLIMATE NORMALS FOR TOMORROW
                         NORMAL
 MAXIMUM TEMPERATURE (F)   66
 MINIMUM TEMPERATURE (F)   46


SUNRISE AND SUNSET
MAY  6 2015...........SUNRISE   633 AM EDT   SUNSET   851 PM EDT
MAY  7 2015...........SUNRISE   631 AM EDT   SUNSET   852 PM EDT


-  INDICATES NEGATIVE NUMBERS.
R  INDICATES RECORD WAS SET OR TIED.
MM INDICATES DATA IS MISSING.
T  INDICATES TRACE AMOUNT.




$$
