000
CDUS46 KBOI 010933
CLIBKE


CLIMATE REPORT
NATIONAL WEATHER SERVICE BOISE ID
332 AM MDT WED APR 1 2015


...................................

...THE BAKER OR CLIMATE SUMMARY FOR MARCH 31 2015...

CLIMATE NORMAL PERIOD 1981 TO 2010
CLIMATE RECORD PERIOD 1948 TO 2015


WEATHER ITEM   OBSERVED TIME   RECORD YEAR NORMAL DEPARTURE LAST
                VALUE   (LST)  VALUE       VALUE  FROM      YEAR
                                                  NORMAL
..................................................................
TEMPERATURE (F)
 YESTERDAY
  MAXIMUM         55    908 AM  73    1990  54      1       51
  MINIMUM         34   1159 PM  16    2008  27      7       28
                                      1954
  AVERAGE         45                        41      4       40

PRECIPITATION (IN)
  YESTERDAY        0.02          0.48 1978   0.03  -0.01      T
  MONTH TO DATE    0.52                      0.82  -0.30     1.04
  SINCE OCT 1      3.82                      4.71  -0.89     3.90
  SINCE JAN 1      1.62                      2.20  -0.58     2.73

DEGREE DAYS
 HEATING
  YESTERDAY       20                        24     -4       25
  MONTH TO DATE  702                       849   -147      755
  SINCE MAR 1    702                       848   -146      755
  SINCE JUL 1   5378                      6368   -990     6281

 COOLING
  YESTERDAY        0                         0      0        0
  MONTH TO DATE    0                         0      0        0
  SINCE MAR 1      0                         0      0        0
  SINCE JAN 1      0                         0      0        0
..................................................................


WIND (MPH)
  RESULTANT WIND SPEED   6   RESULTANT WIND DIRECTION  NW (320)
  HIGHEST WIND SPEED    33   HIGHEST WIND DIRECTION    NW (320)
  HIGHEST GUST SPEED    42   HIGHEST GUST DIRECTION    NW (320)
  AVERAGE WIND SPEED    12.3


SKY COVER
  AVERAGE SKY COVER 0.5


WEATHER CONDITIONS
 THE FOLLOWING WEATHER WAS RECORDED YESTERDAY.
  LIGHT RAIN


RELATIVE HUMIDITY (PERCENT)
 HIGHEST    92          1200 AM
 LOWEST     51           900 AM
 AVERAGE    72

..........................................................


THE BAKER OR CLIMATE NORMALS FOR TODAY
                         NORMAL    RECORD    YEAR
 MAXIMUM TEMPERATURE (F)   55        77      1966
 MINIMUM TEMPERATURE (F)   27        18      2008
                                             1976


SUNRISE AND SUNSET
APRIL  1 2015.........SUNRISE   632 AM PDT   SUNSET   719 PM PDT
APRIL  2 2015.........SUNRISE   630 AM PDT   SUNSET   720 PM PDT


-  INDICATES NEGATIVE NUMBERS.
R  INDICATES RECORD WAS SET OR TIED.
MM INDICATES DATA IS MISSING.
T  INDICATES TRACE AMOUNT.




$$
