000
CDUS46 KSEW 280836
CLIBLI


CLIMATE REPORT
NATIONAL WEATHER SERVICE SEATTLE WA
135 AM PDT TUE APR 28 2015


...................................

...THE BELLINGHAM WA AIRPORT CLIMATE SUMMARY FOR APRIL 27 2015...

CLIMATE NORMAL PERIOD 1981 TO 2010
CLIMATE RECORD PERIOD 1949 TO 2015


WEATHER ITEM   OBSERVED TIME   RECORD YEAR NORMAL DEPARTURE LAST
                VALUE   (LST)  VALUE       VALUE  FROM      YEAR
                                                  NORMAL
..................................................................
TEMPERATURE (F)
 YESTERDAY
  MAXIMUM         69    517 PM  77    1987  59     10       54
  MINIMUM         49    647 AM  29    1954  42      7       45
  AVERAGE         59                        50      9       50

PRECIPITATION (IN)
  YESTERDAY        0.11          0.90 2011   0.07   0.04     0.03
  MONTH TO DATE    1.20                      2.45  -1.25     3.42
  SINCE OCT 1     28.67                     27.06   1.61    24.70
  SINCE JAN 1     13.94                     13.36   0.58    14.39

DEGREE DAYS
 HEATING
  YESTERDAY        6                        15     -9       15
  MONTH TO DATE  439                       453    -14      396
  SINCE MAR 1    942                      1096   -154      989

 COOLING
  YESTERDAY        0                         0      0        0
  MONTH TO DATE    0                         0      0        0
  SINCE MAR 1      0                         0      0        0
  SINCE JAN 1      0                         0      0        0
..................................................................


WIND (MPH)
  RESULTANT WIND SPEED   5   RESULTANT WIND DIRECTION   N (10)
  HIGHEST WIND SPEED    13   HIGHEST WIND DIRECTION     N (10)
  HIGHEST GUST SPEED    18   HIGHEST GUST DIRECTION     N (20)
  AVERAGE WIND SPEED     5.0


SKY COVER
  AVERAGE SKY COVER 0.6


WEATHER CONDITIONS
 THE FOLLOWING WEATHER WAS RECORDED YESTERDAY.
  LIGHT RAIN
  FOG


RELATIVE HUMIDITY (PERCENT)
 HIGHEST   100           400 AM
 LOWEST     63           300 PM
 AVERAGE    82

..........................................................


THE BELLINGHAM WA AIRPORT CLIMATE NORMALS FOR TODAY
                         NORMAL    RECORD    YEAR
 MAXIMUM TEMPERATURE (F)   59        73      1976
 MINIMUM TEMPERATURE (F)   42        30      1955


SUNRISE AND SUNSET
APRIL 28 2015.........SUNRISE   555 AM PDT   SUNSET   821 PM PDT
APRIL 29 2015.........SUNRISE   553 AM PDT   SUNSET   822 PM PDT


-  INDICATES NEGATIVE NUMBERS.
R  INDICATES RECORD WAS SET OR TIED.
MM INDICATES DATA IS MISSING.
T  INDICATES TRACE AMOUNT.




$$
