000
CDUS43 KIND 040535
CLIBMG


CLIMATE REPORT
NATIONAL WEATHER SERVICE INDIANAPOLIS IN
135 AM EDT MON MAY 4 2015


...................................

...THE BLOOMINGTON IN CLIMATE SUMMARY FOR MAY 3 2015...

CLIMATE NORMAL PERIOD 1981 TO 2010
CLIMATE RECORD PERIOD 9999 TO 9999


WEATHER ITEM   OBSERVED TIME   NORMAL DEPARTURE LAST
                VALUE   (LST)  VALUE  FROM      YEAR
                                      NORMAL
......................................................
TEMPERATURE (F)
 YESTERDAY
  MAXIMUM         80    223 PM  70     10       69
  MINIMUM         49    246 AM  48      1       42
  AVERAGE         65            59      6       56

PRECIPITATION (IN)
  YESTERDAY        0.00          0.19  -0.19      T
  MONTH TO DATE    0.00          0.53  -0.53      T
  SINCE MAR 1      9.44          9.11   0.33     9.56
  SINCE JAN 1     13.01         15.18  -2.17    14.21

DEGREE DAYS
 HEATING
  YESTERDAY        0             7     -7        9
  MONTH TO DATE   15            21     -6       41
  SINCE MAR 1   1055          1067    -12     1186
  SINCE JUL 1   5626          5135    491     5748

 COOLING
  YESTERDAY        0             1     -1        0
  MONTH TO DATE    0             3     -3        0
  SINCE MAR 1      6            22    -16        9
  SINCE JAN 1      6            22    -16        9
......................................................


WIND (MPH)
  HIGHEST WIND SPEED    17   HIGHEST WIND DIRECTION     S (190)
  HIGHEST GUST SPEED    25   HIGHEST GUST DIRECTION     S (200)
  AVERAGE WIND SPEED     5.9


SKY COVER
  AVERAGE SKY COVER 0.2


WEATHER CONDITIONS
 THE FOLLOWING WEATHER WAS RECORDED YESTERDAY.
  HAZE


RELATIVE HUMIDITY (PERCENT)
 HIGHEST    86           100 AM
 LOWEST     28           200 PM
 AVERAGE    57

..........................................................


THE BLOOMINGTON IN CLIMATE NORMALS FOR TODAY
                         NORMAL
 MAXIMUM TEMPERATURE (F)   70
 MINIMUM TEMPERATURE (F)   48


SUNRISE AND SUNSET
MAY  4 2015...........SUNRISE   645 AM EDT   SUNSET   842 PM EDT
MAY  5 2015...........SUNRISE   644 AM EDT   SUNSET   843 PM EDT


-  INDICATES NEGATIVE NUMBERS.
R  INDICATES RECORD WAS SET OR TIED.
MM INDICATES DATA IS MISSING.
T  INDICATES TRACE AMOUNT.




$$
