000
CDUS45 KBOI 180931
CLIBNO


CLIMATE REPORT
NATIONAL WEATHER SERVICE BOISE ID
330 AM MDT SAT APR 18 2015


...................................

...THE BURNS OR CLIMATE SUMMARY FOR APRIL 17 2015...

CLIMATE NORMAL PERIOD 1981 TO 2010
CLIMATE RECORD PERIOD 1938 TO 2015


WEATHER ITEM   OBSERVED TIME   RECORD YEAR NORMAL DEPARTURE LAST
                VALUE   (LST)  VALUE       VALUE  FROM      YEAR
                                                  NORMAL
..................................................................
TEMPERATURE (F)
 YESTERDAY
  MAXIMUM         74    336 PM  78    1994  57     17       69
                                      1946
  MINIMUM         21    507 AM  16    2013  29     -8       27
  AVERAGE         48                        43      5       48

PRECIPITATION (IN)
  YESTERDAY        0.00          0.52 1993   0.03  -0.03      T
  MONTH TO DATE    0.11                      0.53  -0.42     0.48
  SINCE OCT 1      6.71                      7.33  -0.62     4.89
  SINCE JAN 1      2.21                      3.83  -1.62     3.92

DEGREE DAYS
 HEATING
  YESTERDAY       17                        22     -5       17
  MONTH TO DATE  436                       394     42      353
  SINCE MAR 1   1118                      1251   -133     1137
  SINCE JUL 1   5592                      6779  -1187     6420

 COOLING
  YESTERDAY        0                         0      0        0
  MONTH TO DATE    0                         0      0        0
  SINCE MAR 1      0                         0      0        0
  SINCE JAN 1      0                         0      0        0
..................................................................


WIND (MPH)
  HIGHEST WIND SPEED    21   HIGHEST WIND DIRECTION     W (280)
  HIGHEST GUST SPEED    25   HIGHEST GUST DIRECTION    NW (300)
  AVERAGE WIND SPEED     8.2


SKY COVER
  POSSIBLE SUNSHINE  MM
  AVERAGE SKY COVER 0.0


WEATHER CONDITIONS
 THE FOLLOWING WEATHER WAS RECORDED YESTERDAY.
  NO SIGNIFICANT WEATHER WAS OBSERVED.


RELATIVE HUMIDITY (PERCENT)
 HIGHEST    81           500 AM
 LOWEST     14           300 PM
 AVERAGE    48

..........................................................


THE BURNS OR CLIMATE NORMALS FOR TODAY
                         NORMAL    RECORD    YEAR
 MAXIMUM TEMPERATURE (F)   58        79      1994
 MINIMUM TEMPERATURE (F)   29        17      1972


SUNRISE AND SUNSET
APRIL 18 2015.........SUNRISE   609 AM PDT   SUNSET   743 PM PDT
APRIL 19 2015.........SUNRISE   607 AM PDT   SUNSET   744 PM PDT


-  INDICATES NEGATIVE NUMBERS.
R  INDICATES RECORD WAS SET OR TIED.
MM INDICATES DATA IS MISSING.
T  INDICATES TRACE AMOUNT.




$$
