000
CDUS44 KLCH 280903
CLIBPT


CLIMATE REPORT
NATIONAL WEATHER SERVICE LAKE CHARLES, LA
401 AM CDT TUE APR 28 2015


...................................

...THE BEAUMONT PORT ARTHUR CLIMATE SUMMARY FOR APRIL 27 2015...

CLIMATE NORMAL PERIOD 1981 TO 2010
CLIMATE RECORD PERIOD 1901 TO 2015


WEATHER ITEM   OBSERVED TIME   RECORD YEAR NORMAL DEPARTURE LAST
                VALUE   (LST)  VALUE       VALUE  FROM      YEAR
                                                  NORMAL
..................................................................
TEMPERATURE (F)
 YESTERDAY
  MAXIMUM         76    308 PM  93    2011  81     -5       84
  MINIMUM         66   1159 PM  49    2005  62      4       73
                                      1980
  AVERAGE         71                        71      0       79

PRECIPITATION (IN)
  YESTERDAY        1.75          3.43 2009   0.13   1.62     0.02
  MONTH TO DATE   11.10                      2.83   8.27     2.00
  SINCE MAR 1     19.22                      6.36  12.86     4.29
  SINCE JAN 1     26.20                     15.20  11.00    11.01

SNOWFALL (IN)
  YESTERDAY        0.0           0.0    MM   0.0    0.0      0.0
  MONTH TO DATE    0.0                       0.0    0.0      0.0
  SINCE MAR 1      T                         0.0    0.0      0.0
  SINCE JUL 1      T                         T      0.0      0.3
  SNOW DEPTH       0

DEGREE DAYS
 HEATING
  YESTERDAY        0                         0      0        0
  MONTH TO DATE    0                        39    -39       37
  SINCE MAR 1    103                       187    -84      241
  SINCE JUL 1   1360                      1400    -40     1710

 COOLING
  YESTERDAY        6                         7     -1       14
  MONTH TO DATE  223                       124     99      128
  SINCE MAR 1    294                       179    115      151
  SINCE JAN 1    302                       205     97      175
..................................................................


WIND (MPH)
  HIGHEST WIND SPEED    30   HIGHEST WIND DIRECTION     E (110)
  HIGHEST GUST SPEED    36   HIGHEST GUST DIRECTION     E (110)
  AVERAGE WIND SPEED    12.0


SKY COVER
  POSSIBLE SUNSHINE  MM
  AVERAGE SKY COVER 0.8


WEATHER CONDITIONS
 THE FOLLOWING WEATHER WAS RECORDED YESTERDAY.
  THUNDERSTORM
  HEAVY RAIN
  RAIN
  LIGHT RAIN
  FOG
  FOG W/VISIBILITY <= 1/4 MILE


RELATIVE HUMIDITY (PERCENT)
 HIGHEST    94          1200 AM
 LOWEST     73          1000 AM
 AVERAGE    84

..........................................................


THE BEAUMONT PORT ARTHUR CLIMATE NORMALS FOR TODAY
                         NORMAL    RECORD    YEAR
 MAXIMUM TEMPERATURE (F)   81        94      1987
 MINIMUM TEMPERATURE (F)   62        47      1980


SUNRISE AND SUNSET
APRIL 28 2015.........SUNRISE   636 AM CDT   SUNSET   751 PM CDT
APRIL 29 2015.........SUNRISE   635 AM CDT   SUNSET   752 PM CDT


-  INDICATES NEGATIVE NUMBERS.
R  INDICATES RECORD WAS SET OR TIED.
MM INDICATES DATA IS MISSING.
T  INDICATES TRACE AMOUNT.




$$
