000
CDUS43 KGRR 250521
CLIBTL


CLIMATE REPORT
NATIONAL WEATHER SERVICE GRAND RAPIDS, MI
120 AM EDT SAT APR 25 2015


...................................

...THE BATTLE CREEK MI CLIMATE SUMMARY FOR APRIL 24 2015...

CLIMATE NORMAL PERIOD 1981 TO 2010
CLIMATE RECORD PERIOD 1998 TO 2015


WEATHER ITEM   OBSERVED TIME   NORMAL DEPARTURE LAST
                VALUE   (LST)  VALUE  FROM      YEAR
                                      NORMAL
......................................................
TEMPERATURE (F)
 YESTERDAY
  MAXIMUM         59    502 PM  64     -5       58
  MINIMUM         28    641 AM  39    -11       46
  AVERAGE         44            51     -7       52

PRECIPITATION (IN)
  YESTERDAY        0.32          0.09   0.23      T
  MONTH TO DATE    1.79          2.22  -0.43     1.53
  SINCE MAR 1      2.06          4.13  -2.07     2.49
  SINCE JAN 1      3.07          7.13  -4.06     4.02

DEGREE DAYS
 HEATING
  YESTERDAY       21            14      7       13
  MONTH TO DATE  375           436    -61      440
  SINCE MAR 1   1333          1346    -13     1609
  SINCE JUL 1   6538          6311    227     7063

 COOLING
  YESTERDAY        0             0      0        0
  MONTH TO DATE    0             0      0        0
  SINCE MAR 1      0             0      0        0
  SINCE JAN 1      0             0      0        0
......................................................


WIND (MPH)
  RESULTANT WIND SPEED   2   RESULTANT WIND DIRECTION   S (200)
  HIGHEST WIND SPEED    18   HIGHEST WIND DIRECTION     W (270)
  HIGHEST GUST SPEED    25   HIGHEST GUST DIRECTION     W (280)
  AVERAGE WIND SPEED     3.8


SKY COVER
  AVERAGE SKY COVER 0.2


WEATHER CONDITIONS
 THE FOLLOWING WEATHER WAS RECORDED YESTERDAY.
  RAIN
  LIGHT RAIN


RELATIVE HUMIDITY (PERCENT)
 HIGHEST    78           700 AM
 LOWEST     23           500 PM
 AVERAGE    51

..........................................................


THE BATTLE CREEK MI CLIMATE NORMALS FOR TODAY
                         NORMAL
 MAXIMUM TEMPERATURE (F)   64
 MINIMUM TEMPERATURE (F)   39


SUNRISE AND SUNSET
APRIL 25 2015.........SUNRISE   645 AM EDT   SUNSET   833 PM EDT
APRIL 26 2015.........SUNRISE   644 AM EDT   SUNSET   835 PM EDT


-  INDICATES NEGATIVE NUMBERS.
R  INDICATES RECORD WAS SET OR TIED.
MM INDICATES DATA IS MISSING.
T  INDICATES TRACE AMOUNT.




$$
