000
CDUS44 KLIX 180701
CLIBTR


CLIMATE REPORT
NATIONAL WEATHER SERVICE NEW ORLEANS
201 AM CDT SAT APR 18 2015


...................................

...THE BATON ROUGE  ASOS CLIMATE SUMMARY FOR APRIL 17 2015...

CLIMATE NORMAL PERIOD 1981 TO 2010
CLIMATE RECORD PERIOD 1894 TO 2015


WEATHER ITEM   OBSERVED TIME   RECORD YEAR NORMAL DEPARTURE LAST
                VALUE   (LST)  VALUE       VALUE  FROM      YEAR
                                                  NORMAL
..................................................................
TEMPERATURE (F)
 YESTERDAY
  MAXIMUM         84    243 PM  91    2006  80      4       67
  MINIMUM         66    603 AM  41    1949  57      9       47
  AVERAGE         75                        68      7       57

PRECIPITATION (IN)
  YESTERDAY        0.08          4.65 1900   0.15  -0.07     0.00
  MONTH TO DATE    4.44                      2.62   1.82     3.50
  SINCE MAR 1      7.82                      7.03   0.79     6.72
  SINCE JAN 1     17.57                     17.79  -0.22    15.99

SNOWFALL (IN)
  YESTERDAY        0.0
  MONTH TO DATE    0.0
  SINCE MAR 1      T
  SINCE JUL 1      T
  SNOW DEPTH       0

DEGREE DAYS
 HEATING
  YESTERDAY        0                         1     -1        8
  MONTH TO DATE    4                        41    -37       51
  SINCE MAR 1     97                       208   -111      272
  SINCE JUL 1   1639                      1543     96     1978

 COOLING
  YESTERDAY       10                         5      5        0
  MONTH TO DATE  134                        65     69       58
  SINCE MAR 1    237                       123    114       84
  SINCE JAN 1    241                       154     87      104
..................................................................


WIND (MPH)
  HIGHEST WIND SPEED    12   HIGHEST WIND DIRECTION    SE (120)
  HIGHEST GUST SPEED    14   HIGHEST GUST DIRECTION    SE (150)
  AVERAGE WIND SPEED     3.7


SKY COVER
  POSSIBLE SUNSHINE  MM
  AVERAGE SKY COVER 0.4


WEATHER CONDITIONS
 THE FOLLOWING WEATHER WAS RECORDED YESTERDAY.
  RAIN
  LIGHT RAIN
  FOG


RELATIVE HUMIDITY (PERCENT)
 HIGHEST   100           600 AM
 LOWEST     58           200 PM
 AVERAGE    79

..........................................................


THE BATON ROUGE  ASOS CLIMATE NORMALS FOR TODAY
                         NORMAL    RECORD    YEAR
 MAXIMUM TEMPERATURE (F)   80        93      2006
 MINIMUM TEMPERATURE (F)   57        38      1997


SUNRISE AND SUNSET
APRIL 18 2015.........SUNRISE   634 AM CDT   SUNSET   734 PM CDT
APRIL 19 2015.........SUNRISE   633 AM CDT   SUNSET   735 PM CDT


-  INDICATES NEGATIVE NUMBERS.
R  INDICATES RECORD WAS SET OR TIED.
MM INDICATES DATA IS MISSING.
T  INDICATES TRACE AMOUNT.




$$
