000
CDUS46 KLOX 010914
CLIBUR


CLIMATE REPORT
NATIONAL WEATHER SERVICE LOS ANGELES/OXNARD CA
214 AM PDT WED APR 1 2015


...................................

...THE BOB HOPE AIRPORT (BURBANK) CA CLIMATE SUMMARY FOR MARCH 31 2015...

CLIMATE NORMAL PERIOD 1981 TO 2010
CLIMATE RECORD PERIOD 1939 TO 2015


WEATHER ITEM   OBSERVED TIME   RECORD YEAR NORMAL DEPARTURE LAST
                VALUE   (LST)  VALUE       VALUE  FROM      YEAR
                                                  NORMAL
..................................................................
TEMPERATURE (F)
 YESTERDAY
  MAXIMUM         76    145 PM  96    1966  71      5       64
  MINIMUM         56    532 AM  34    1977  48      8       49
  AVERAGE         66                        60      6       57

PRECIPITATION (IN)
  YESTERDAY        0.00          1.73 1941   0.06  -0.06      T
  MONTH TO DATE    0.83                      2.97  -2.14     0.81
  SINCE OCT 1      7.03                     15.42  -8.39     5.50
  SINCE JAN 1      2.53                     10.98  -8.45     4.87

SNOWFALL (IN)
  YESTERDAY        0.0
  MONTH TO DATE    0.0
  SINCE MAR 1      0.0
  SINCE JUL 1      0.0

DEGREE DAYS
 HEATING
  YESTERDAY        0                         6     -6        8
  MONTH TO DATE   49                       217   -168       88
  SINCE MAR 1     49                       218   -169       88
  SINCE JUL 1    606                      1359   -753      565

 COOLING
  YESTERDAY        1                         1      0        0
  MONTH TO DATE  129                        10    119       20
  SINCE MAR 1    129                        10    119       20
  SINCE JAN 1    155                        16    139       80
..................................................................


WIND (MPH)
  HIGHEST WIND SPEED    13   HIGHEST WIND DIRECTION     S (180)
  HIGHEST GUST SPEED    16   HIGHEST GUST DIRECTION     S (180)
  AVERAGE WIND SPEED     5.2


SKY COVER
  POSSIBLE SUNSHINE  MM
  AVERAGE SKY COVER 0.0


WEATHER CONDITIONS
 THE FOLLOWING WEATHER WAS RECORDED YESTERDAY.
  FOG
  HAZE


RELATIVE HUMIDITY (PERCENT)
 HIGHEST    86           700 AM
 LOWEST     31           400 PM
 AVERAGE    59

..........................................................


THE BOB HOPE AIRPORT (BURBANK) CA CLIMATE NORMALS FOR TODAY
                         NORMAL    RECORD    YEAR
 MAXIMUM TEMPERATURE (F)   72        93      1985
 MINIMUM TEMPERATURE (F)   48        35      1977


SUNRISE AND SUNSET
APRIL  1 2015.........SUNRISE   641 AM PDT   SUNSET   714 PM PDT
APRIL  2 2015.........SUNRISE   640 AM PDT   SUNSET   715 PM PDT


-  INDICATES NEGATIVE NUMBERS.
R  INDICATES RECORD WAS SET OR TIED.
MM INDICATES DATA IS MISSING.
T  INDICATES TRACE AMOUNT.




$$
