000
CDUS41 KLWX 070525
CLIBWI


CLIMATE REPORT
NATIONAL WEATHER SERVICE BALTIMORE MD/WASHINGTON DC
124 AM EDT THU MAY 7 2015


...................................

...THE BALTIMORE MD CLIMATE SUMMARY FOR MAY 6 2015...

CLIMATE NORMAL PERIOD 1981 TO 2010
CLIMATE RECORD PERIOD 1870 TO 2015


WEATHER ITEM   OBSERVED TIME   RECORD YEAR NORMAL DEPARTURE LAST
                VALUE   (LST)  VALUE       VALUE  FROM      YEAR
                                                  NORMAL
..................................................................
TEMPERATURE (F)
 YESTERDAY
  MAXIMUM         80    330 PM  92    1949  71      9       73
  MINIMUM         60    524 AM  40    2011  49     11       51
                                      1925
                                      1891
  AVERAGE         70                        60     10       62

PRECIPITATION (IN)
  YESTERDAY        0.00          2.02 1935   0.11  -0.11      T
  MONTH TO DATE    0.01                      0.69  -0.68     0.30
  SINCE MAR 1      8.98                      7.78   1.20    13.28
  SINCE JAN 1     15.11                     13.73   1.38    20.57

SNOWFALL (IN)
  YESTERDAY        0.0          MM      MM   0.0    0.0
  MONTH TO DATE    0.0                       0.0    0.0
  SINCE JUL 1     28.7                      20.1    8.6
  SNOW DEPTH       0

DEGREE DAYS
 HEATING
  YESTERDAY        0                         6     -6        3
  MONTH TO DATE   19                        40    -21       27
  SINCE MAR 1   1106                      1060     46     1200
  SINCE JUL 1   4921                      4655    266     4957

 COOLING
  YESTERDAY        5                         1      4        0
  MONTH TO DATE   15                         6      9        4
  SINCE MAR 1     20                        20      0       11
  SINCE JAN 1     20                        20      0       11
..................................................................


WIND (MPH)
  HIGHEST WIND SPEED    15   HIGHEST WIND DIRECTION     E (110)
  HIGHEST GUST SPEED    20   HIGHEST GUST DIRECTION     E (110)
  AVERAGE WIND SPEED     6.6


SKY COVER
  POSSIBLE SUNSHINE  MM
  AVERAGE SKY COVER 0.5


WEATHER CONDITIONS
 THE FOLLOWING WEATHER WAS RECORDED YESTERDAY.
  FOG
  HAZE


RELATIVE HUMIDITY (PERCENT)
 HIGHEST    97           500 AM
 LOWEST     54           200 PM
 AVERAGE    76

..........................................................


THE BALTIMORE MD CLIMATE NORMALS FOR TODAY
                         NORMAL    RECORD    YEAR
 MAXIMUM TEMPERATURE (F)   71        96      1930
 MINIMUM TEMPERATURE (F)   49        33      1970


SUNRISE AND SUNSET
MAY  7 2015...........SUNRISE   602 AM EDT   SUNSET   805 PM EDT
MAY  8 2015...........SUNRISE   601 AM EDT   SUNSET   806 PM EDT


-  INDICATES NEGATIVE NUMBERS.
R  INDICATES RECORD WAS SET OR TIED.
MM INDICATES DATA IS MISSING.
T  INDICATES TRACE AMOUNT.




$$
