000
CDUS45 KTFX 050845
CLIBZN


CLIMATE REPORT
NATIONAL WEATHER SERVICE GREAT FALLS MT
244 AM MDT TUE MAY 5 2015


...................................

...THE BOZEMAN/GALLATIN FIELD MT CLIMATE SUMMARY FOR MAY 4 2015...

CLIMATE NORMAL PERIOD 1981 TO 2010
CLIMATE RECORD PERIOD 1935 TO 2015


WEATHER ITEM   OBSERVED TIME   RECORD YEAR NORMAL DEPARTURE LAST
                VALUE   (LST)  VALUE       VALUE  FROM      YEAR
                                                  NORMAL
..................................................................
TEMPERATURE (F)
 YESTERDAY
  MAXIMUM         73    548 PM  84    1966  65      8       62
  MINIMUM         33    414 AM  21    2002  36     -3       34
                                      1967
  AVERAGE         53                        50      3       48

PRECIPITATION (IN)
  YESTERDAY        0.00          0.81 1993   0.06  -0.06      T
  MONTH TO DATE    0.00                      0.25  -0.25      T
  SINCE OCT 1      4.56                      6.08  -1.52     4.43
  SINCE JAN 1      2.63                      3.70  -1.07     3.38

SNOWFALL (IN)
  YESTERDAY        0.0           2.7  1975   0.1   -0.1      0.0
  MONTH TO DATE    0.0                       0.5   -0.5      0.0
  SINCE MAR 1      7.0                      15.7   -8.7      7.3
  SINCE JUL 1     37.4                      38.0   -0.6     32.3
  SNOW DEPTH       0

DEGREE DAYS
 HEATING
  YESTERDAY       12                        15     -3       17
  MONTH TO DATE   50                        61    -11       55
  SINCE MAR 1   1492                      1542    -50     1698
  SINCE JUL 1   7074                      7122    -48     7713

 COOLING
  YESTERDAY        0                         0      0        0
  MONTH TO DATE    0                         0      0        0
  SINCE MAR 1      0                         0      0        0
  SINCE JAN 1      0                         0      0        0
..................................................................


WIND (MPH)
  HIGHEST WIND SPEED    14   HIGHEST WIND DIRECTION     S (170)
  HIGHEST GUST SPEED    17   HIGHEST GUST DIRECTION     S (180)
  AVERAGE WIND SPEED     3.6


SKY COVER
  AVERAGE SKY COVER 0.1


WEATHER CONDITIONS
 THE FOLLOWING WEATHER WAS RECORDED YESTERDAY.
  NO SIGNIFICANT WEATHER WAS OBSERVED.


RELATIVE HUMIDITY (PERCENT)
 HIGHEST    82
 LOWEST     22
 AVERAGE    52

..........................................................


THE BOZEMAN/GALLATIN FIELD MT CLIMATE NORMALS FOR TODAY
                         NORMAL    RECORD    YEAR
 MAXIMUM TEMPERATURE (F)   65        84      1966
 MINIMUM TEMPERATURE (F)   36        19      2010


SUNRISE AND SUNSET
MAY  5 2015...........SUNRISE   606 AM MDT   SUNSET   837 PM MDT
MAY  6 2015...........SUNRISE   605 AM MDT   SUNSET   838 PM MDT


-  INDICATES NEGATIVE NUMBERS.
R  INDICATES RECORD WAS SET OR TIED.
MM INDICATES DATA IS MISSING.
T  INDICATES TRACE AMOUNT.




$$
