000
CDUS42 KCAE 260629
CLICAE


CLIMATE REPORT
NATIONAL WEATHER SERVICE COLUMBIA SC
229 AM EDT SUN APR 26 2015


...................................

...THE COLUMBIA METRO AIRPORT SC CLIMATE SUMMARY FOR APRIL 25 2015...

CLIMATE NORMAL PERIOD 1981 TO 2010
CLIMATE RECORD PERIOD 1887 TO 2015


WEATHER ITEM   OBSERVED TIME   RECORD YEAR NORMAL DEPARTURE LAST
                VALUE   (LST)  VALUE       VALUE  FROM      YEAR
                                                  NORMAL
..................................................................
TEMPERATURE (F)
 YESTERDAY
  MAXIMUM         76    527 PM  93    1960  79     -3       83
  MINIMUM         57    803 AM  35    1974  53      4       58
  AVERAGE         67                        66      1       71

PRECIPITATION (IN)
  YESTERDAY        0.27          2.48 1979   0.08   0.19     0.00
  MONTH TO DATE    3.47                      2.18   1.29     2.99
  SINCE MAR 1      6.25                      5.91   0.34     6.92
  SINCE JAN 1     13.61                     13.10   0.51    13.24

SNOWFALL (IN)
  YESTERDAY        0.0          MM      MM   0.0             0.0
  MONTH TO DATE    0.0                       0.0             0.0
  SINCE MAR 1      0.0                       0.1             0.0
  SINCE JUL 1      T                         1.5             4.2

DEGREE DAYS
 HEATING
  YESTERDAY        0                         3     -3        0
  MONTH TO DATE   37                       112    -75       74
  SINCE MAR 1    252                       422   -170      466
  SINCE JUL 1   2441                      2521    -80     2550

 COOLING
  YESTERDAY        2                         3     -1        6
  MONTH TO DATE  111                        54     57       51
  SINCE MAR 1    136                        72     64       52
  SINCE JAN 1    136                        76     60       59
..................................................................


WIND (MPH)
  HIGHEST WIND SPEED    17   HIGHEST WIND DIRECTION     S (180)
  HIGHEST GUST SPEED    22   HIGHEST GUST DIRECTION     S (200)
  AVERAGE WIND SPEED     6.2


SKY COVER
  AVERAGE SKY COVER 0.9


WEATHER CONDITIONS
 THE FOLLOWING WEATHER WAS RECORDED YESTERDAY.
  RAIN
  LIGHT RAIN
  FOG


RELATIVE HUMIDITY (PERCENT)
 HIGHEST    93           900 AM
 LOWEST     55          1200 AM
 AVERAGE    74

..........................................................


THE COLUMBIA METRO AIRPORT SC CLIMATE NORMALS FOR TODAY
                         NORMAL    RECORD    YEAR
 MAXIMUM TEMPERATURE (F)   79        93      1990
 MINIMUM TEMPERATURE (F)   53        34      1910


SUNRISE AND SUNSET
APRIL 26 2015.........SUNRISE   641 AM EDT   SUNSET   804 PM EDT
APRIL 27 2015.........SUNRISE   640 AM EDT   SUNSET   805 PM EDT


-  INDICATES NEGATIVE NUMBERS.
R  INDICATES RECORD WAS SET OR TIED.
MM INDICATES DATA IS MISSING.
T  INDICATES TRACE AMOUNT.




$$
