000
CDUS41 KCLE 070526
CLICAK


CLIMATE REPORT
NATIONAL WEATHER SERVICE CLEVELAND OH
125 AM EDT THU MAY 7 2015


...................................

...THE AKRON CANTON OH CLIMATE SUMMARY FOR MAY 6 2015...

CLIMATE NORMAL PERIOD 1981 TO 2010
CLIMATE RECORD PERIOD 1887 TO 2015


WEATHER ITEM   OBSERVED TIME   RECORD YEAR NORMAL DEPARTURE LAST
                VALUE   (LST)  VALUE       VALUE  FROM      YEAR
                                                  NORMAL
..................................................................
TEMPERATURE (F)
 YESTERDAY
  MAXIMUM         83    359 PM  87    1949  67     16       66
  MINIMUM         58    423 AM  29    1910  45     13       38
  AVERAGE         71                        56     15       52

PRECIPITATION (IN)
  YESTERDAY        0.00                      0.13  -0.13     0.00
  MONTH TO DATE    0.10                      0.76  -0.66     0.18
  SINCE MAR 1      6.70                      7.29  -0.59     9.00
  SINCE JAN 1     12.18                     12.21  -0.03    12.51

SNOWFALL (IN)
  YESTERDAY        0.0                       0.1   -0.1      0.0
  MONTH TO DATE    0.0                       0.1   -0.1      0.0
  SINCE MAR 1      6.9                      11.0   -4.1     10.6
  SINCE JUL 1     59.8                      47.5   12.3     69.9
  SNOW DEPTH       0

DEGREE DAYS
 HEATING
  YESTERDAY        0                         9     -9       13
  MONTH TO DATE   16                        61    -45       76
  SINCE MAR 1   1346                      1393    -47     1504
  SINCE JUL 1   6189                      5937    252     6327

 COOLING
  YESTERDAY        6                         0      6        0
  MONTH TO DATE   10                         0     10        0
  SINCE MAR 1     12                         6      6        3
  SINCE JAN 1     12                         6      6        3
..................................................................


WIND (MPH)
  HIGHEST WIND SPEED    15   HIGHEST WIND DIRECTION    NW (330)
  HIGHEST GUST SPEED    24   HIGHEST GUST DIRECTION     N (340)
  AVERAGE WIND SPEED     6.5


SKY COVER
  POSSIBLE SUNSHINE  MM
  AVERAGE SKY COVER 0.6


WEATHER CONDITIONS
 THE FOLLOWING WEATHER WAS RECORDED YESTERDAY.
  FOG
  FOG W/VISIBILITY <= 1/4 MILE
  HAZE


RELATIVE HUMIDITY (PERCENT)
 HIGHEST    97           800 AM
 LOWEST     43           300 PM
 AVERAGE    70

..........................................................


THE AKRON CANTON OH CLIMATE NORMALS FOR TODAY
                         NORMAL    RECORD    YEAR
 MAXIMUM TEMPERATURE (F)   67        87      1936
 MINIMUM TEMPERATURE (F)   46        27      1970


SUNRISE AND SUNSET
MAY  7 2015...........SUNRISE   617 AM EDT   SUNSET   828 PM EDT
MAY  8 2015...........SUNRISE   616 AM EDT   SUNSET   829 PM EDT


-  INDICATES NEGATIVE NUMBERS.
R  INDICATES RECORD WAS SET OR TIED.
MM INDICATES DATA IS MISSING.
T  INDICATES TRACE AMOUNT.




$$
