000
CDAK48 PACD 061125
CLICDB

CLIMATE REPORT
NATIONAL WEATHER SERVICE COLD BAY, AK
325 AM AKDT WED MAY 6 2015

...................................
...THE COLD BAY AP CLIMATE SUMMARY FOR MAY 5 2015...

CLIMATE NORMAL PERIOD  1981 TO  2010
CLIMATE RECORD PERIOD  1942 TO  2015

WEATHER ITEM   OBSERVED TIME    RECORD YEAR NORMAL DEPARTURE LAST
               VALUE    (LST)   VALUE       VALUE  FROM      YEAR
                                                   NORMAL
...................................................................
TEMPERATURE
YESTERDAY
 MAXIMUM            50  0359 PM    56  1963     43       7     45
 MINIMUM            34  0647 AM    22  2010     33       1     37
 AVERAGE            42                          38       4     41

PRECIPITATION
(INCHES)
 YESTERDAY           T           0.83  1989   0.08   -0.08   0.05
 MONTH TO DATE    0.09                        0.38   -0.29   0.05
 SINCE MAR 1      5.20                        5.50   -0.30   3.31
 SINCE JAN 1      7.71                       11.64   -3.93  11.76

SNOWFALL
(INCHES)
 YESTERDAY         0.0            1.1  1969    0.0     0.0    0.0
 MONTH TO DATE     0.0                         0.4    -0.4    0.0
 SINCE MAR 1      13.6                        20.0    -6.4    8.2
 SINCE JUL 1      22.3                        72.2   -49.9   37.3
 SNOW DEPTH (IN)     0                                          0

DEGREE DAYS
 HEATING
  YESTERDAY         23                          27      -4     24
  MONTH TO DATE    123                         136     -13    116
  SINCE MAR 1     1971                        2145    -174   1853
  SINCE JUL 1     7344                        8369   -1025   6997

 COOLING
  YESTERDAY          0                           0       0      0
  MONTH TO DATE      0                           0       0      0
  SINCE MAR 1        0                           0       0      0
  SINCE JAN 1        0                           0       0      0
...................................................................

WIND (MPH)
 HIGHEST WIND SPEED    25     HIGHEST WIND DIRECTION    160
 HIGHEST GUST SPEED    33     HIGHEST GUST DIRECTION    160
 AVERAGE WIND SPEED  14.0

WEATHER CONDITIONS
 THE FOLLOWING WEATHER WAS RECORDED YESTERDAY.
  RAIN
...................................................................

THE COLD BAY CLIMATE NORMALS FOR TODAY
                           NORMAL    RECORD   YEAR
 MAXIMUM TEMPERATURE (F)     44        51     2002
 MINIMUM TEMPERATURE (F)     33        23     2000

SUNRISE AND SUNSET
 MAY 6 2015..........SUNRISE  7:00 AM      SUNSET 10:38 PM
 MAY 7 2015..........SUNRISE  6:58 AM      SUNSET 10:39 PM

-  INDICATES NEGATIVE NUMBERS.
R  INDICATES RECORD HAS BEEN SET OR TIED.
MM INDICATES DATA IS MISSING.
T  INDICATES TRACE OF PRECIPITATION.

&&
-------------------------------------------------------------------

AMOUNT OF DAYLIGHT TODAY  (HOUR:MIN)........15 HOURS 38 MINUTES
GAIN SINCE YESTERDAY  (HOUR:MIN:SEC)........+0:03:58

$$
DAB MAY 15
