000
CDUS45 KCYS 030744
CLICDR


CLIMATE REPORT
NATIONAL WEATHER SERVICE CHEYENNE WY
144 AM MDT SUN MAY 3 2015


...................................

...THE CHADRON NE AIRPORT CLIMATE SUMMARY FOR MAY 2 2015...

CLIMATE NORMAL PERIOD 1981 TO 2010
CLIMATE RECORD PERIOD 1895 TO 2015


WEATHER ITEM   OBSERVED TIME   RECORD YEAR NORMAL DEPARTURE LAST
                VALUE   (LST)  VALUE       VALUE  FROM      YEAR
                                                  NORMAL
..................................................................
TEMPERATURE (F)
 YESTERDAY
  MAXIMUM         83    209 PM  92    1981  66     17       68
  MINIMUM         41    513 AM  15    2005  36      5       32
  AVERAGE         62                        51     11       50

PRECIPITATION (IN)
  YESTERDAY        0.00          2.29 1988   0.09  -0.09     0.00
  MONTH TO DATE    0.00                      0.17  -0.17     0.00
  SINCE JAN 1      2.62                      4.35  -1.73     4.30

DEGREE DAYS
 HEATING
  YESTERDAY        3                        14    -11       15
  MONTH TO DATE   13                        29    -16       34
  SINCE MAR 1   1228                      1540   -312     1478
  SINCE JUL 1   6173                      6792   -619     6952

 COOLING
  YESTERDAY        0                         0      0        0
  MONTH TO DATE    0                         0      0        0
  SINCE MAR 1      0                         2     -2        1
  SINCE JAN 1      0                         2     -2        1
..................................................................


WIND (MPH)
  HIGHEST WIND SPEED    24   HIGHEST WIND DIRECTION     W (290)
  HIGHEST GUST SPEED    31   HIGHEST GUST DIRECTION     W (260)
  AVERAGE WIND SPEED     7.8


SKY COVER
  AVERAGE SKY COVER 0.0


WEATHER CONDITIONS
 THE FOLLOWING WEATHER WAS RECORDED YESTERDAY.
  NO SIGNIFICANT WEATHER WAS OBSERVED.


RELATIVE HUMIDITY (PERCENT)
 HIGHEST    89           500 AM
 LOWEST     14           100 PM
 AVERAGE    52

..........................................................


THE CHADRON NE AIRPORT CLIMATE NORMALS FOR TODAY
                         NORMAL    RECORD    YEAR
 MAXIMUM TEMPERATURE (F)   66        91      1985
 MINIMUM TEMPERATURE (F)   36        16      1954


SUNRISE AND SUNSET
MAY  3 2015...........SUNRISE   544 AM MDT   SUNSET   755 PM MDT
MAY  4 2015...........SUNRISE   543 AM MDT   SUNSET   756 PM MDT


-  INDICATES NEGATIVE NUMBERS.
R  INDICATES RECORD WAS SET OR TIED.
MM INDICATES DATA IS MISSING.
T  INDICATES TRACE AMOUNT.




$$
