000
CDUS42 KCHS 262117
CLICHS


CLIMATE REPORT
NATIONAL WEATHER SERVICE CHARLESTON SC
516 PM EDT SUN APR 26 2015


...................................

...THE NORTH CHARLESTON SC CLIMATE SUMMARY FOR APRIL 26 2015...
VALID TODAY AS OF 0500 PM LOCAL TIME.

CLIMATE NORMAL PERIOD 1981 TO 2010
CLIMATE RECORD PERIOD 1938 TO 2015


WEATHER ITEM   OBSERVED TIME   RECORD YEAR NORMAL DEPARTURE LAST
                VALUE   (LST)  VALUE       VALUE  FROM      YEAR
                                                  NORMAL
..................................................................
TEMPERATURE (F)
 TODAY
  MAXIMUM         88    317 PM  92    1989  79      9       81
  MINIMUM         65    620 AM  43    1974  56      9       58
  AVERAGE         77                        67     10       70

PRECIPITATION (IN)
  TODAY            T             1.89 1965   0.09  -0.09     0.00
  MONTH TO DATE    2.20                      2.53  -0.33     4.90
  SINCE MAR 1      4.46                      6.24  -1.78     9.83
  SINCE JAN 1     12.39                     12.91  -0.52    14.68

SNOWFALL (IN)
  TODAY            0.0                       0.0    0.0
  SINCE MAR 1      0.0                       0.0    0.0
  SINCE JUL 1      T                         0.5   -0.5

DEGREE DAYS
 HEATING
  TODAY            0                         2     -2        0
  MONTH TO DATE   15                        84    -69       38
  SINCE MAR 1    198                       323   -125      352
  SINCE JUL 1   1935                      1959    -24     1875

 COOLING
  TODAY           12                         4      8        5
  MONTH TO DATE  130                        68     62       95
  SINCE MAR 1    163                        95     68      104
  SINCE JAN 1    167                       102     65      114
..................................................................


WIND (MPH)
  HIGHEST WIND SPEED    20   HIGHEST WIND DIRECTION     W (260)
  HIGHEST GUST SPEED    26   HIGHEST GUST DIRECTION     W (270)
  AVERAGE WIND SPEED    11.3


SKY COVER
  POSSIBLE SUNSHINE  MM
  AVERAGE SKY COVER 0.2


WEATHER CONDITIONS
 THE FOLLOWING WEATHER WAS RECORDED TODAY.
  LIGHT RAIN


RELATIVE HUMIDITY (PERCENT)
 HIGHEST    93           200 AM
 LOWEST     36           300 PM
 AVERAGE    65

..........................................................


THE NORTH CHARLESTON SC CLIMATE NORMALS FOR TOMORROW
                         NORMAL    RECORD    YEAR
 MAXIMUM TEMPERATURE (F)   79        94      1989
 MINIMUM TEMPERATURE (F)   56        40      1972


SUNRISE AND SUNSET
APRIL 26 2015.........SUNRISE   638 AM EDT   SUNSET   758 PM EDT
APRIL 27 2015.........SUNRISE   637 AM EDT   SUNSET   759 PM EDT


-  INDICATES NEGATIVE NUMBERS.
R  INDICATES RECORD WAS SET OR TIED.
MM INDICATES DATA IS MISSING.
T  INDICATES TRACE AMOUNT.




$$
