000
CDUS44 KHGX 060723
CLICLL


CLIMATE REPORT
NATIONAL WEATHER SERVICE HOUSTON/GALVESTON TX
222 AM CDT WED MAY 6 2015


...................................

...THE COLLEGE STATION CLIMATE SUMMARY FOR MAY 5 2015...

CLIMATE NORMAL PERIOD 1981 TO 2010
CLIMATE RECORD PERIOD 1902 TO 2015


WEATHER ITEM   OBSERVED TIME   RECORD YEAR NORMAL DEPARTURE LAST
                VALUE   (LST)  VALUE       VALUE  FROM      YEAR
                                                  NORMAL
..................................................................
TEMPERATURE (F)
 YESTERDAY
  MAXIMUM         85   1239 PM  96    1947  83      2       87
  MINIMUM         63    200 AM  46    2013  64     -1       56
                                      1944
  AVERAGE         74                        73      1       72

PRECIPITATION (IN)
  YESTERDAY        0.03          2.68 1993   0.13  -0.10     0.00
  MONTH TO DATE    0.03                      0.65  -0.62     0.00
  SINCE MAR 1     10.66                      6.48   4.18     2.84
  SINCE JAN 1     18.07                     12.57   5.50     5.02

SNOWFALL (IN)
  YESTERDAY        0.0
  MONTH TO DATE    0.0
  SINCE JUL 1      T

DEGREE DAYS
 HEATING
  YESTERDAY        0                         0      0        0
  MONTH TO DATE    0                         0      0        4
  SINCE MAR 1    227                       219      8      336
  SINCE JUL 1   1768                      1606    162     2060

 COOLING
  YESTERDAY        9                         9      0        7
  MONTH TO DATE   34                        41     -7       24
  SINCE MAR 1    272                       252     20      211
  SINCE JAN 1    273                       280     -7      232
..................................................................


WIND (MPH)
  HIGHEST WIND SPEED    30   HIGHEST WIND DIRECTION     S (160)
  HIGHEST GUST SPEED    36   HIGHEST GUST DIRECTION     S (160)
  AVERAGE WIND SPEED    14.9


SKY COVER
  AVERAGE SKY COVER 0.5


WEATHER CONDITIONS
 THE FOLLOWING WEATHER WAS RECORDED YESTERDAY.
  THUNDERSTORM
  LIGHT RAIN


RELATIVE HUMIDITY (PERCENT)
 HIGHEST    93           200 AM
 LOWEST     51           100 PM
 AVERAGE    72

..........................................................


THE COLLEGE STATION CLIMATE NORMALS FOR TODAY
                         NORMAL    RECORD    YEAR
 MAXIMUM TEMPERATURE (F)   83        96      1984
 MINIMUM TEMPERATURE (F)   64        48      2013
                                             1917


SUNRISE AND SUNSET
MAY  6 2015...........SUNRISE   638 AM CDT   SUNSET   807 PM CDT
MAY  7 2015...........SUNRISE   637 AM CDT   SUNSET   808 PM CDT


-  INDICATES NEGATIVE NUMBERS.
R  INDICATES RECORD WAS SET OR TIED.
MM INDICATES DATA IS MISSING.
T  INDICATES TRACE AMOUNT.




$$
