000
CDUS43 KTOP 040633
CLICNK


CLIMATE REPORT
NATIONAL WEATHER SERVICE TOPEKA KS
132 AM CDT MON MAY 4 2015


...................................

...THE CONCORDIA KS CLIMATE SUMMARY FOR MAY 3 2015...

CLIMATE NORMAL PERIOD 1981 TO 2010
CLIMATE RECORD PERIOD 1885 TO 2015


WEATHER ITEM   OBSERVED TIME   RECORD YEAR NORMAL DEPARTURE LAST
                VALUE   (LST)  VALUE       VALUE  FROM      YEAR
                                                  NORMAL
..................................................................
TEMPERATURE (F)
 YESTERDAY
  MAXIMUM         89    325 PM  90    1959  70     19       79
  MINIMUM         61    555 AM  26    1907  48     13       47
  AVERAGE         75                        59     16       63

PRECIPITATION (IN)
  YESTERDAY        T             2.49 1913   0.11  -0.11     0.00
  MONTH TO DATE    T                         0.33  -0.33     0.00
  SINCE MAR 1      2.34                      4.79  -2.45     1.52
  SINCE JAN 1      3.86                      6.16  -2.30     2.71

SNOWFALL (IN)
  YESTERDAY        0.0           T    1967   0.0    0.0      0.0
  MONTH TO DATE    0.0                       0.0    0.0      0.0
  SINCE JAN 1      5.6                      13.7   -8.1     16.9
  SINCE JUL 1     11.7                      20.2   -8.5     23.2
  SNOW DEPTH       0

DEGREE DAYS
 HEATING
  YESTERDAY        0                         7     -7        2
  MONTH TO DATE    2                        22    -20       28
  SINCE MAR 1    838                      1079   -241     1173
  SINCE JUL 1   5045                      5286   -241     5655

 COOLING
  YESTERDAY       10                         1      9        0
  MONTH TO DATE   17                         3     14        0
  SINCE MAR 1     25                        20      5       25
  SINCE JAN 1     25                        20      5       25
..................................................................


WIND (MPH)
  HIGHEST WIND SPEED    25   HIGHEST WIND DIRECTION     S (190)
  HIGHEST GUST SPEED    33   HIGHEST GUST DIRECTION     S (180)
  AVERAGE WIND SPEED    14.7


SKY COVER
  AVERAGE SKY COVER 0.0


WEATHER CONDITIONS
 THE FOLLOWING WEATHER WAS RECORDED YESTERDAY.
  LIGHT RAIN


RELATIVE HUMIDITY (PERCENT)
 HIGHEST    78           600 AM
 LOWEST     27           300 PM
 AVERAGE    53

..........................................................


THE CONCORDIA KS CLIMATE NORMALS FOR TODAY
                         NORMAL    RECORD    YEAR
 MAXIMUM TEMPERATURE (F)   71        90      1952
                                             1943
 MINIMUM TEMPERATURE (F)   48        28      1907


SUNRISE AND SUNSET
MAY  4 2015...........SUNRISE   628 AM CDT   SUNSET   827 PM CDT
MAY  5 2015...........SUNRISE   627 AM CDT   SUNSET   828 PM CDT


-  INDICATES NEGATIVE NUMBERS.
R  INDICATES RECORD WAS SET OR TIED.
MM INDICATES DATA IS MISSING.
T  INDICATES TRACE AMOUNT.




$$
