000
CDUS41 KGYX 070802
CLICON


CLIMATE REPORT
NATIONAL WEATHER SERVICE GRAY ME
402 AM EDT THU MAY 7 2015


...................................

...THE CONCORD NH CLIMATE SUMMARY FOR MAY 6 2015...

CLIMATE NORMAL PERIOD 1981 TO 2010
CLIMATE RECORD PERIOD 1868 TO 2015


WEATHER ITEM   OBSERVED TIME   RECORD YEAR NORMAL DEPARTURE LAST
                VALUE   (LST)  VALUE       VALUE  FROM      YEAR
                                                  NORMAL
..................................................................
TEMPERATURE (F)
 YESTERDAY
  MAXIMUM         80    243 PM  88    1930  66     14       63
  MINIMUM         38    449 AM  26    1961  39     -1       34
  AVERAGE         59                        53      6       49

PRECIPITATION (IN)
  YESTERDAY        0.00          1.24 1991   0.12  -0.12     0.00
  MONTH TO DATE    0.00                      0.69  -0.69     0.96
  SINCE MAR 1      3.74                      7.37  -3.63     7.81
  SINCE JAN 1      9.80                     12.69  -2.89    15.13

SNOWFALL (IN)
  YESTERDAY        0.0           T    1917   0.0    0.0      0.0
                                      1996
  MONTH TO DATE    0.0                       0.1   -0.1      0.0
  SINCE MAR 1      7.9                      14.0   -6.1     10.6
  SINCE JUL 1     92.1                      61.5   30.6     80.4
  SNOW DEPTH       0

DEGREE DAYS
 HEATING
  YESTERDAY        6                        13     -7       16
  MONTH TO DATE   43                        81    -38       82
  SINCE MAR 1   1800                      1668    132     1915
  SINCE JUL 1   7254                      6928    326     7384

 COOLING
  YESTERDAY        0                         0      0        0
  MONTH TO DATE    0                         0      0        0
  SINCE MAR 1      0                         2     -2        0
  SINCE JAN 1      0                         2     -2        0
..................................................................


WIND (MPH)
  RESULTANT WIND SPEED   1   RESULTANT WIND DIRECTION  NW (300)
  HIGHEST WIND SPEED    15   HIGHEST WIND DIRECTION     W (280)
  HIGHEST GUST SPEED    20   HIGHEST GUST DIRECTION     W (290)
  AVERAGE WIND SPEED     3.1


SKY COVER
  AVERAGE SKY COVER 0.0


WEATHER CONDITIONS
 THE FOLLOWING WEATHER WAS RECORDED YESTERDAY.
  NO SIGNIFICANT WEATHER WAS OBSERVED.


RELATIVE HUMIDITY (PERCENT)
 HIGHEST    85           500 AM
 LOWEST     15           200 PM
 AVERAGE    50

..........................................................


THE CONCORD NH CLIMATE NORMALS FOR TODAY
                         NORMAL    RECORD    YEAR
 MAXIMUM TEMPERATURE (F)   66        94      2000
 MINIMUM TEMPERATURE (F)   40        23      1968


SUNRISE AND SUNSET
MAY  7 2015...........SUNRISE   532 AM EDT   SUNSET   754 PM EDT
MAY  8 2015...........SUNRISE   531 AM EDT   SUNSET   755 PM EDT


-  INDICATES NEGATIVE NUMBERS.
R  INDICATES RECORD WAS SET OR TIED.
MM INDICATES DATA IS MISSING.
T  INDICATES TRACE AMOUNT.




$$
