000
CDUS43 KLSX 050727
CLICOU


CLIMATE REPORT
NATIONAL WEATHER SERVICE ST LOUIS MO
225 AM CDT TUE MAY 5 2015


...................................

...THE COLUMBIA ASOS CLIMATE SUMMARY FOR MAY 4 2015...

CLIMATE NORMAL PERIOD 1981 TO 2010
CLIMATE RECORD PERIOD 1890 TO 2015


WEATHER ITEM   OBSERVED TIME   RECORD YEAR NORMAL DEPARTURE LAST
                VALUE   (LST)  VALUE       VALUE  FROM      YEAR
                                                  NORMAL
..................................................................
TEMPERATURE (F)
 YESTERDAY
  MAXIMUM         82    455 PM  91    1952  71     11       85
  MINIMUM         62    259 AM  28    1907  50     12       52
  AVERAGE         72                        61     11       69

PRECIPITATION (IN)
  YESTERDAY        T             2.58 2003   0.17  -0.17     0.00
  MONTH TO DATE    T                         0.67  -0.67      T
  SINCE MAR 1      4.83                      8.07  -3.24     9.51
  SINCE JAN 1      7.18                     12.24  -5.06    11.77

SNOWFALL (IN)
  YESTERDAY        0.0           0.0  2014   0.0    0.0      0.0
  MONTH TO DATE    0.0                       0.0    0.0      0.0
  SINCE MAR 1      1.6                       1.9   -0.3      0.5
  SINCE JUL 1     12.0                      18.0   -6.0     17.8
  SNOW DEPTH       0

DEGREE DAYS
 HEATING
  YESTERDAY        0                         5     -5        0
  MONTH TO DATE    9                        23    -14       30
  SINCE MAR 1    813                       980   -167     1060
  SINCE JUL 1   4868                      4926    -58     5489

 COOLING
  YESTERDAY        7                         1      6        4
  MONTH TO DATE   12                         4      8        4
  SINCE MAR 1     27                        29     -2       15
  SINCE JAN 1     27                        29     -2       15
..................................................................


WIND (MPH)
  HIGHEST WIND SPEED    17   HIGHEST WIND DIRECTION    SW (230)
  HIGHEST GUST SPEED    22   HIGHEST GUST DIRECTION    SW (210)
  AVERAGE WIND SPEED     9.0


SKY COVER
  AVERAGE SKY COVER 0.2


WEATHER CONDITIONS
 THE FOLLOWING WEATHER WAS RECORDED YESTERDAY.
  NO SIGNIFICANT WEATHER WAS OBSERVED.


RELATIVE HUMIDITY (PERCENT)
 HIGHEST    84
 LOWEST     47
 AVERAGE    66

..........................................................


THE COLUMBIA ASOS CLIMATE NORMALS FOR TODAY
                         NORMAL    RECORD    YEAR
 MAXIMUM TEMPERATURE (F)   72        93      1952
                                             1909
 MINIMUM TEMPERATURE (F)   50        35      1944
                                             1917


SUNRISE AND SUNSET
MAY  5 2015...........SUNRISE   607 AM CDT   SUNSET   805 PM CDT
MAY  6 2015...........SUNRISE   606 AM CDT   SUNSET   806 PM CDT


-  INDICATES NEGATIVE NUMBERS.
R  INDICATES RECORD WAS SET OR TIED.
MM INDICATES DATA IS MISSING.
T  INDICATES TRACE AMOUNT.




$$
