000
CDUS46 KLOX 010914
CLICQT


CLIMATE REPORT
NATIONAL WEATHER SERVICE LOS ANGELES/OXNARD CA
214 AM PDT WED APR 1 2015


...................................

...THE DOWNTOWN LOS ANGELES (USC) CA CLIMATE SUMMARY FOR MARCH 31 2015...

CLIMATE NORMAL PERIOD 1981 TO 2010
CLIMATE RECORD PERIOD 1877 TO 2015


WEATHER ITEM   OBSERVED TIME   RECORD YEAR NORMAL DEPARTURE LAST
                VALUE   (LST)  VALUE       VALUE  FROM      YEAR
                                                  NORMAL
..................................................................
TEMPERATURE (F)
 YESTERDAY
  MAXIMUM         73   1135 AM  92    2011  71      2       68
  MINIMUM         57    310 AM  40    1901  52      5       54
  AVERAGE         65                        62      3       61

PRECIPITATION (IN)
  YESTERDAY        0.00          1.65 1903   0.05  -0.05      T
  MONTH TO DATE    0.87                      2.43  -1.56     1.18
  SINCE OCT 1      7.40                     13.38  -5.98     5.64
  SINCE JAN 1      2.79                      9.35  -6.56     4.76

SNOWFALL (IN)
  YESTERDAY        0.0
  MONTH TO DATE    0.0
  SINCE MAR 1      0.0
  SINCE JUL 1      0.0

DEGREE DAYS
 HEATING
  YESTERDAY        0                         5     -5        4
  MONTH TO DATE   29                       159   -130       63
  SINCE MAR 1     29                       157   -128       63
  SINCE JUL 1    392                       932   -540      540

 COOLING
  YESTERDAY        0                         1     -1        0
  MONTH TO DATE  137                        20    117       29
  SINCE MAR 1    137                        20    117       29
  SINCE JAN 1    194                        43    151       52
..................................................................


WIND (MPH)
  HIGHEST WIND SPEED     8   HIGHEST WIND DIRECTION     W (280)
  HIGHEST GUST SPEED    14   HIGHEST GUST DIRECTION     W (280)
  AVERAGE WIND SPEED     1.4


SKY COVER
  POSSIBLE SUNSHINE  MM
  AVERAGE SKY COVER 0.3


WEATHER CONDITIONS
 THE FOLLOWING WEATHER WAS RECORDED YESTERDAY.
  FOG
  HAZE


RELATIVE HUMIDITY (PERCENT)
 HIGHEST    93          1200 AM
 LOWEST     57          1100 AM
 AVERAGE    75

..........................................................


THE DOWNTOWN LOS ANGELES (USC) CA CLIMATE NORMALS FOR TODAY
                         NORMAL    RECORD    YEAR
 MAXIMUM TEMPERATURE (F)   71        93      1985
 MINIMUM TEMPERATURE (F)   52        40      1897


SUNRISE AND SUNSET
APRIL  1 2015.........SUNRISE   641 AM PDT   SUNSET   714 PM PDT
APRIL  2 2015.........SUNRISE   639 AM PDT   SUNSET   715 PM PDT


-  INDICATES NEGATIVE NUMBERS.
R  INDICATES RECORD WAS SET OR TIED.
MM INDICATES DATA IS MISSING.
T  INDICATES TRACE AMOUNT.




$$
