000
CDUS42 KILM 182047
CLICRE


CLIMATE REPORT
NATIONAL WEATHER SERVICE WILMINGTON NC
444 PM EDT SAT APR 18 2015


...................................

...THE NORTH MYRTLE BEACH SC CLIMATE SUMMARY FOR APRIL 18 2015...
VALID TODAY AS OF 0400 PM LOCAL TIME.

CLIMATE NORMAL PERIOD 1981 TO 2010
CLIMATE RECORD PERIOD 1949 TO 2015


WEATHER ITEM   OBSERVED TIME   RECORD YEAR NORMAL DEPARTURE LAST
                VALUE   (LST)  VALUE       VALUE  FROM      YEAR
                                                  NORMAL
..................................................................
TEMPERATURE (F)
 TODAY
  MAXIMUM         71    259 PM  82    2002  72     -1       68
  MINIMUM         66    732 AM  35    2001  53     13       50
  AVERAGE         69                        62      7       59

PRECIPITATION (IN)
  TODAY            0.58                      0.09   0.49     0.72
  MONTH TO DATE    1.90                      1.84   0.06     1.35
  SINCE MAR 1      4.33                      5.76  -1.43     6.09
  SINCE JAN 1     11.52                     12.87  -1.35    10.21

SNOWFALL (IN)
  TODAY           MM
  MONTH TO DATE   MM
  SINCE MAR 1     MM
  SINCE JUL 1     MM
  SNOW DEPTH      MM

DEGREE DAYS
 HEATING
  TODAY            0                         4     -4        6
  MONTH TO DATE   30                       105    -75       74
  SINCE MAR 1    330                       443   -113      522
  SINCE JUL 1   2385                      2387     -2     2546

 COOLING
  TODAY            4                         1      3        0
  MONTH TO DATE   34                        14     20       15
  SINCE MAR 1     41                        17     24       15
  SINCE JAN 1     42                        17     25       15
..................................................................


WIND (MPH)
  HIGHEST WIND SPEED    12   HIGHEST WIND DIRECTION    NE (40)
  HIGHEST GUST SPEED    13   HIGHEST GUST DIRECTION    NE (40)
  AVERAGE WIND SPEED     3.8


SKY COVER
  POSSIBLE SUNSHINE  MM
  AVERAGE SKY COVER 0.9


WEATHER CONDITIONS
 THE FOLLOWING WEATHER WAS RECORDED TODAY.
  HEAVY RAIN
  RAIN
  LIGHT RAIN
  FOG
  HAZE


RELATIVE HUMIDITY (PERCENT)
 HIGHEST   100           900 AM
 LOWEST     90          1100 AM
 AVERAGE    95

..........................................................


THE NORTH MYRTLE BEACH SC CLIMATE NORMALS FOR TOMORROW
                         NORMAL    RECORD    YEAR
 MAXIMUM TEMPERATURE (F)   72        82      1995
 MINIMUM TEMPERATURE (F)   53        32      2001


SUNRISE AND SUNSET
APRIL 18 2015.........SUNRISE   641 AM EDT   SUNSET   748 PM EDT
APRIL 19 2015.........SUNRISE   640 AM EDT   SUNSET   749 PM EDT


-  INDICATES NEGATIVE NUMBERS.
R  INDICATES RECORD WAS SET OR TIED.
MM INDICATES DATA IS MISSING.
T  INDICATES TRACE AMOUNT.




$$
