000
CDUS44 KCRP 010933
CLICRP

CLIMATE REPORT
NATIONAL WEATHER SERVICE CORPUS CHRISTI TX
430 AM CDT WED APR 1 2015


...THE CORPUS CHRISTI CLIMATE SUMMARY FOR MARCH 31 2015...

CLIMATE NORMAL PERIOD 1981 TO 2010
CLIMATE RECORD PERIOD 1887 TO 2015


WEATHER ITEM   OBSERVED TIME   RECORD YEAR NORMAL DEPARTURE LAST
                VALUE   (LST)  VALUE       VALUE  FROM      YEAR
                                                  NORMAL
..................................................................
TEMPERATURE (F)
 YESTERDAY
  MAXIMUM         80   1250 PM  93    2012  79      1       82
  MINIMUM         65    630 AM  30    1987  59      6       64
  AVERAGE         73                        69      4       73

PRECIPITATION (IN)
  YESTERDAY        0.00          2.13 1945   0.05  -0.05     0.00
  MONTH TO DATE    6.13                      1.89   4.24     1.65
  SINCE MAR 1      6.13                      1.89   4.24     1.65
  SINCE JAN 1      9.58                      5.36   4.22     2.56

SNOWFALL (IN)
  YESTERDAY        0.0
  MONTH TO DATE    0.0
  SINCE MAR 1      0.0
  SINCE JUL 1      0.0
  SNOW DEPTH       0

DEGREE DAYS
 HEATING
  YESTERDAY        0                         1     -1        0
  MONTH TO DATE  116                        81     35      132
  SINCE MAR 1    116                        81     35      132
  SINCE JUL 1   1053                       881    172     1131

 COOLING
  YESTERDAY        8                         5      3        8
  MONTH TO DATE   75                       115    -40       84
  SINCE MAR 1     75                       115    -40       84
  SINCE JAN 1    103                       191    -88      161
..................................................................


WIND (MPH)
  HIGHEST WIND SPEED    26   HIGHEST WIND DIRECTION    SE (150)
  HIGHEST GUST SPEED    31   HIGHEST GUST DIRECTION    SE (150)
  AVERAGE WIND SPEED    12.8


SKY COVER
  POSSIBLE SUNSHINE  MM
  AVERAGE SKY COVER 0.8


WEATHER CONDITIONS
 THE FOLLOWING WEATHER WAS RECORDED YESTERDAY.
  FOG


RELATIVE HUMIDITY (PERCENT)
 HIGHEST   100           200 AM
 LOWEST     74          1200 PM
 AVERAGE    87

..........................................................


THE CORPUS CHRISTI CLIMATE NORMALS FOR TODAY
                         NORMAL    RECORD    YEAR
 MAXIMUM TEMPERATURE (F)   79        92      1983
                                             1974
 MINIMUM TEMPERATURE (F)   60        40      1962


SUNRISE AND SUNSET
APRIL  1 2015.........SUNRISE   721 AM CDT   SUNSET   748 PM CDT
APRIL  2 2015.........SUNRISE   720 AM CDT   SUNSET   748 PM CDT


-  INDICATES NEGATIVE NUMBERS.
R  INDICATES RECORD WAS SET OR TIED.
MM INDICATES DATA IS MISSING.
T  INDICATES TRACE AMOUNT.


$$

TMT
