000
CDUS41 KRLX 040718
CLICRW


CLIMATE REPORT
NATIONAL WEATHER SERVICE CHARLESTON WV
317 AM EDT MON MAY 4 2015


...................................

...THE CHARLESTON WV CLIMATE SUMMARY FOR MAY 3 2015...

CLIMATE NORMAL PERIOD 1981 TO 2010
CLIMATE RECORD PERIOD 1901 TO 2015


WEATHER ITEM   OBSERVED TIME   RECORD YEAR NORMAL DEPARTURE LAST
                VALUE   (LST)  VALUE       VALUE  FROM      YEAR
                                                  NORMAL
..................................................................
TEMPERATURE (F)
 YESTERDAY
  MAXIMUM         80    424 PM  92    1942  72      8       72
  MINIMUM         42    542 AM  31    2005  49     -7       46
  AVERAGE         61                        61      0       59

PRECIPITATION (IN)
  YESTERDAY        0.00          1.05 1983   0.13  -0.13     0.00
  MONTH TO DATE    0.02                      0.40  -0.38      T
  SINCE JAN 1     17.28                     13.74   3.54    13.75

SNOWFALL (IN)
  YESTERDAY        0.0
  MONTH TO DATE    0.0
  SINCE SEP 1     29.1
  SNOW DEPTH       0

DEGREE DAYS
 HEATING
  YESTERDAY        4                         6     -2        6
  MONTH TO DATE   18                        18      0       21
  SINCE MAR 1    894                       912    -18      940
  SINCE JUL 1   4799                      4366    433     4707

 COOLING
  YESTERDAY        0                         1     -1        0
  MONTH TO DATE    0                         3     -3        0
  SINCE MAR 1     15                        35    -20       18
  SINCE JAN 1     15                        35    -20       18
..................................................................


WIND (MPH)
  HIGHEST WIND SPEED    12   HIGHEST WIND DIRECTION     W (260)
  HIGHEST GUST SPEED    18   HIGHEST GUST DIRECTION     S (180)
  AVERAGE WIND SPEED     2.0


SKY COVER
  POSSIBLE SUNSHINE  MM
  AVERAGE SKY COVER 0.3


WEATHER CONDITIONS
 THE FOLLOWING WEATHER WAS RECORDED YESTERDAY.
  NO SIGNIFICANT WEATHER WAS OBSERVED.


RELATIVE HUMIDITY (PERCENT)
 HIGHEST    96           600 AM
 LOWEST     19           500 PM
 AVERAGE    58

..........................................................


THE CHARLESTON WV CLIMATE NORMALS FOR TODAY
                         NORMAL    RECORD    YEAR
 MAXIMUM TEMPERATURE (F)   73        91      1919
 MINIMUM TEMPERATURE (F)   49        29      1986


SUNRISE AND SUNSET
MAY  4 2015...........SUNRISE   626 AM EDT   SUNSET   821 PM EDT
MAY  5 2015...........SUNRISE   625 AM EDT   SUNSET   821 PM EDT


-  INDICATES NEGATIVE NUMBERS.
R  INDICATES RECORD WAS SET OR TIED.
MM INDICATES DATA IS MISSING.
T  INDICATES TRACE AMOUNT.




$$
